{"id":109252,"date":"2025-05-30T21:45:48","date_gmt":"2025-05-30T19:45:48","guid":{"rendered":"https:\/\/mamasandpapas.hu\/blog\/?page_id=109252"},"modified":"2025-06-03T09:28:36","modified_gmt":"2025-06-03T07:28:36","slug":"bugaboo-butterfly-2","status":"publish","type":"page","link":"https:\/\/mamasandpapas.hu\/blog\/bugaboo-butterfly-2\/","title":{"rendered":"Bugaboo Butterfly 2"},"content":{"rendered":"<div class=\"wpb-content-wrapper\"><p>[vc_row full_width=&#8221;stretch_row_content_no_spaces&#8221; css=&#8221;.vc_custom_1748609007043{background-color: #f2f1ef !important;}&#8221;][vc_column offset=&#8221;vc_hidden-xs&#8221;][vc_single_image image=&#8221;109255&#8243; img_size=&#8221;full&#8221; alignment=&#8221;center&#8221;][\/vc_column][\/vc_row][vc_row full_width=&#8221;stretch_row_content_no_spaces&#8221; css=&#8221;.vc_custom_1748634707651{background-color: #f2f0ef !important;}&#8221;][vc_column offset=&#8221;vc_hidden-lg vc_hidden-md vc_hidden-sm&#8221;][vc_single_image image=&#8221;109256&#8243; img_size=&#8221;full&#8221; alignment=&#8221;center&#8221;][\/vc_column][\/vc_row][vc_row][vc_column][vc_column_text css=&#8221;&#8221;]<\/p>\n<p style=\"text-align: center;\"><span style=\"font-size: 21px;\"><strong>Pillanatok alatt \u00f6sszecsukhat\u00f3, k\u00e9szen \u00e1ll az utaz\u00e1sra<\/strong><\/span><\/p>\n<p style=\"text-align: center;\">Ak\u00e1r vil\u00e1g k\u00f6r\u00fcli \u00fatra indulsz, ak\u00e1r a sarki boltig s\u00e9t\u00e1lsz, a <strong>Bugaboo Butterfly 2<\/strong> minden utaz\u00e1st gyerekj\u00e1t\u00e9kk\u00e1 tesz. Egyetlen mozdulattal ultrakompakt m\u00e9retre csukhat\u00f3, \u00e9s k\u00e9zipoggy\u00e1szk\u00e9nt is elfogadott \u2013 a g\u00f6rd\u00fcl\u00e9keny utaz\u00e1s\u00e9rt, b\u00e1rhov\u00e1 is visz az \u00fat.<\/p>\n<p>[\/vc_column_text][\/vc_column][\/vc_row][vc_row][vc_column offset=&#8221;vc_hidden-xs&#8221;][vc_single_image image=&#8221;109258&#8243; img_size=&#8221;full&#8221; alignment=&#8221;center&#8221;][\/vc_column][\/vc_row][vc_row][vc_column offset=&#8221;vc_hidden-lg vc_hidden-md vc_hidden-sm&#8221;][vc_row_inner][vc_column_inner width=&#8221;1\/4&#8243;][vc_single_image image=&#8221;109259&#8243; img_size=&#8221;full&#8221; alignment=&#8221;center&#8221;][\/vc_column_inner][vc_column_inner width=&#8221;1\/4&#8243;][vc_single_image image=&#8221;109260&#8243; img_size=&#8221;full&#8221; alignment=&#8221;center&#8221;][\/vc_column_inner][vc_column_inner width=&#8221;1\/4&#8243;][vc_single_image image=&#8221;109261&#8243; img_size=&#8221;full&#8221; alignment=&#8221;center&#8221;][\/vc_column_inner][vc_column_inner width=&#8221;1\/4&#8243;][vc_single_image image=&#8221;109262&#8243; img_size=&#8221;full&#8221; alignment=&#8221;center&#8221;][\/vc_column_inner][\/vc_row_inner][\/vc_column][\/vc_row][vc_row][vc_column][vc_column_text css=&#8221;&#8221;]<\/p>\n<p style=\"text-align: center;\"><span style=\"font-size: 21px;\"><strong data-start=\"0\" data-end=\"45\">Tulajdons\u00e1gok, amiket mindenk\u00e9pp tudnod kell<\/strong><\/span><\/p>\n<p style=\"text-align: center;\">Fordulj, man\u0151verezz \u00e9s suhanj vele egy\u00fctt minden \u00faton \u2013 mindezt egy m\u00e1sodperces kompakt \u00f6sszecsuk\u00e1ssal, teljesen d\u00f6nthet\u0151 h\u00e1tt\u00e1ml\u00e1val, nagyobb kerekekkel, extra t\u00e1rol\u00f3hellyel \u2013 \u00e9s a Bugaboo eddigi legalacsonyabb sz\u00e9n-dioxid-l\u00e1bnyom\u00e1val.<\/p>\n<p>[\/vc_column_text][\/vc_column][\/vc_row][vc_row full_width=&#8221;stretch_row_content&#8221; css=&#8221;.vc_custom_1748609128118{background-color: #f2f1ef !important;}&#8221;][vc_column width=&#8221;1\/4&#8243;][vc_single_image image=&#8221;109281&#8243; img_size=&#8221;full&#8221; alignment=&#8221;center&#8221;][vc_column_text css=&#8221;&#8221;]<\/p>\n<p style=\"text-align: center;\"><span style=\"font-size: 21px;\"><strong data-start=\"0\" data-end=\"42\">Egyetlen m\u00e1sodperc, ultrakompakt m\u00e9ret<\/strong><\/span><\/p>\n<p style=\"text-align: center;\">A Bugaboo Butterfly 2 egyetlen m\u00e1sodperc alatt \u00f6sszecsukhat\u00f3, \u00e9s k\u00f6nnyed\u00e9n elf\u00e9r a rep\u00fcl\u0151g\u00e9pek k\u00e9zipoggy\u00e1sz rekesz\u00e9ben, taxiban vagy az aut\u00f3 csomagtart\u00f3j\u00e1ban \u2013 t\u00f6k\u00e9letes t\u00e1rs minden utaz\u00e1shoz.<\/p>\n<p>[\/vc_column_text][\/vc_column][vc_column width=&#8221;1\/4&#8243;][vc_single_image image=&#8221;109284&#8243; img_size=&#8221;full&#8221; alignment=&#8221;center&#8221;][vc_column_text css=&#8221;&#8221;]<\/p>\n<p style=\"text-align: center;\"><span style=\"font-size: 21px;\"><strong data-start=\"0\" data-end=\"35\">Egyenes \u00fcl\u00e9s &#8211; v\u00edzszintes fekv\u00e9s<\/strong><\/span><\/p>\n<p style=\"text-align: center;\">A t\u00e1gas \u00fcl\u0151r\u00e9sz lehet\u0151v\u00e9 teszi, hogy csemet\u00e9d egyenes h\u00e1ttal szeml\u00e9lje a vil\u00e1got, vagy teljesen h\u00e1trad\u0151lve szundik\u00e1ljon egy j\u00f3t. Legyen sz\u00f3 \u00faj kalandokr\u00f3l vagy egy r\u00f6vid s\u00e9t\u00e1r\u00f3l a k\u00f6rny\u00e9ken, ez az utaz\u00f3t\u00e1rs minden helyzetben k\u00e9nyelmet biztos\u00edt.<\/p>\n<p>[\/vc_column_text][\/vc_column][vc_column width=&#8221;1\/4&#8243;][vc_single_image image=&#8221;109282&#8243; img_size=&#8221;full&#8221; alignment=&#8221;center&#8221;][vc_column_text css=&#8221;&#8221;]<\/p>\n<p style=\"text-align: center;\"><span style=\"font-size: 21px;\"><strong data-start=\"0\" data-end=\"34\">Nagyobb kerekek, sim\u00e1bb utaz\u00e1s<\/strong><\/span><\/p>\n<p style=\"text-align: center;\">K\u00f6nnyed sikl\u00e1s minden kalandos napon. A nagyobb kerekek \u00e9s a finom felf\u00fcggeszt\u00e9s seg\u00edtenek abban, hogy gond n\u00e9lk\u00fcl kanyarodj, man\u0151verezz \u00e9s \u00e1tsuhanj kedvenc v\u00e1rosaidon, forgalmas utc\u00e1kon vagy ak\u00e1r a rept\u00e9ri ny\u00fczsg\u00e9sen.<\/p>\n<p>[\/vc_column_text][\/vc_column][vc_column width=&#8221;1\/4&#8243;][vc_single_image image=&#8221;109283&#8243; img_size=&#8221;full&#8221; alignment=&#8221;center&#8221;][vc_column_text css=&#8221;&#8221;]<\/p>\n<p style=\"text-align: center;\"><span style=\"font-size: 21px;\"><strong data-start=\"0\" data-end=\"22\">Mindennek jut hely<\/strong><\/span><\/p>\n<p style=\"text-align: center;\">Legyen sz\u00f3 bev\u00e1s\u00e1rl\u00e1sr\u00f3l, pelenk\u00e1z\u00f3t\u00e1sk\u00e1r\u00f3l, nassolnival\u00f3kr\u00f3l vagy meglepet\u00e9s j\u00e1t\u00e9kokr\u00f3l, az extra nagy kos\u00e1r \u00e9s a praktikus h\u00e1ts\u00f3 zseb gondoskodik r\u00f3la, hogy mindent magaddal vihess \u2013 an\u00e9lk\u00fcl, hogy \u00fagy \u00e9rezn\u00e9d, h\u00e9tv\u00e9g\u00e9re csomagolsz.<\/p>\n<p>[\/vc_column_text][\/vc_column][\/vc_row][vc_row][vc_column width=&#8221;2\/6&#8243;][vc_single_image image=&#8221;109289&#8243; img_size=&#8221;full&#8221; alignment=&#8221;center&#8221;][\/vc_column][vc_column width=&#8221;1\/6&#8243;][vc_row_inner][vc_column_inner offset=&#8221;vc_hidden-xs&#8221;][vc_empty_space height=&#8221;50px&#8221;][\/vc_column_inner][\/vc_row_inner][vc_column_text css=&#8221;&#8221;]<\/p>\n<p style=\"text-align: center;\"><span style=\"font-size: 18px;\"><strong data-start=\"0\" data-end=\"21\">D\u00edjnyertes diz\u00e1jn<\/strong><\/span><\/p>\n<p style=\"text-align: center;\">Innovat\u00edv formatervez\u00e9s\u00e9vel \u00faj szintre emelte a st\u00edlust \u00e9s funkcionalit\u00e1st \u2013 nem v\u00e9letlen\u00fcl nyerte el a rangos <strong data-start=\"161\" data-end=\"178\">Red Dot Award<\/strong> legmagasabb elismer\u00e9s\u00e9t.<\/p>\n<p>[\/vc_column_text][\/vc_column][vc_column width=&#8221;2\/6&#8243;][vc_single_image image=&#8221;109288&#8243; img_size=&#8221;full&#8221; alignment=&#8221;center&#8221;][\/vc_column][vc_column width=&#8221;1\/6&#8243;][vc_row_inner][vc_column_inner offset=&#8221;vc_hidden-xs&#8221;][vc_empty_space height=&#8221;30px&#8221;][\/vc_column_inner][\/vc_row_inner][vc_column_text css=&#8221;&#8221;]<\/p>\n<p style=\"text-align: center;\"><span style=\"font-size: 18px;\"><strong data-start=\"0\" data-end=\"21\">Anyagok a j\u00f6v\u0151\u00e9rt<\/strong><\/span><\/p>\n<p style=\"text-align: center;\">Val\u00f3ban a j\u00f6v\u0151re tervezve. Innovat\u00edv, fenntarthat\u00f3bb anyagokb\u00f3l k\u00e9sz\u00fclt, \u00e9s \u00fagy alkott\u00e1k meg, hogy hossz\u00fa t\u00e1von is helyt\u00e1lljon: a Bugaboo eddigi legk\u00f6rnyezettudatosabb babakocsija.<\/p>\n<p>[\/vc_column_text][\/vc_column][\/vc_row][vc_row full_width=&#8221;stretch_row_content_no_spaces&#8221; css=&#8221;.vc_custom_1748631029736{background-color: #f2f1ef !important;}&#8221;][vc_column offset=&#8221;vc_hidden-xs&#8221;][vc_column_text css=&#8221;&#8221;]<\/p>\n<p style=\"text-align: center;\"><span style=\"font-size: 21px;\"><strong data-start=\"0\" data-end=\"25\">B\u00e1rhov\u00e1, Veled egy\u00fctt<\/strong><\/span><\/p>\n<p style=\"text-align: center;\">T\u00f6k\u00e9letes\u00edtsd a csal\u00e1di utaz\u00e1s m\u0171v\u00e9szet\u00e9t! Az els\u0151 rep\u00fcl\u0151utakt\u00f3l a kedvenc kiruccan\u00e1sokig ez az ultrakompakt utaz\u00f3 babakocsi lehet\u0151v\u00e9 teszi, hogy z\u00f6kken\u0151mentesen osztozzatok az \u00faj \u00e9lm\u00e9nyekben.<\/p>\n<p>[\/vc_column_text][vc_single_image image=&#8221;109294&#8243; img_size=&#8221;full&#8221; alignment=&#8221;center&#8221;][\/vc_column][\/vc_row][vc_row full_width=&#8221;stretch_row_content_no_spaces&#8221; css=&#8221;.vc_custom_1748631029736{background-color: #f2f1ef !important;}&#8221;][vc_column offset=&#8221;vc_hidden-lg vc_hidden-md vc_hidden-sm&#8221;][vc_single_image image=&#8221;109296&#8243; img_size=&#8221;full&#8221; alignment=&#8221;center&#8221;][vc_row_inner css=&#8221;.vc_custom_1748935047029{padding-right: 30px !important;padding-left: 30px !important;}&#8221;][vc_column_inner][vc_column_text css=&#8221;&#8221;]<\/p>\n<p style=\"text-align: center;\"><span style=\"font-size: 21px;\"><strong data-start=\"0\" data-end=\"25\">B\u00e1rhov\u00e1, Veled egy\u00fctt<\/strong><\/span><\/p>\n<p style=\"text-align: center;\">T\u00f6k\u00e9letes\u00edtsd a csal\u00e1di utaz\u00e1s m\u0171v\u00e9szet\u00e9t! Az els\u0151 rep\u00fcl\u0151utakt\u00f3l a kedvenc kiruccan\u00e1sokig ez az ultrakompakt utaz\u00f3 babakocsi lehet\u0151v\u00e9 teszi, hogy z\u00f6kken\u0151mentesen osztozzatok az \u00faj \u00e9lm\u00e9nyekben.<\/p>\n<p>[\/vc_column_text][\/vc_column_inner][\/vc_row_inner][\/vc_column][\/vc_row]<\/p>\n<\/div>","protected":false},"excerpt":{"rendered":"<p>[vc_row full_width=&#8221;stretch_row_content_no_spaces&#8221; css=&#8221;.vc_custom_1748609007043{background-color: #f2f1ef !important;}&#8221;][vc_column offset=&#8221;vc_hidden-xs&#8221;][vc_single_image image=&#8221;109255&#8243; img_size=&#8221;full&#8221; alignment=&#8221;center&#8221;][\/vc_column][\/vc_row][vc_row full_width=&#8221;stretch_row_content_no_spaces&#8221; css=&#8221;.vc_custom_1748634707651{background-color: #f2f0ef !important;}&#8221;][vc_column offset=&#8221;vc_hidden-lg vc_hidden-md vc_hidden-sm&#8221;][vc_single_image image=&#8221;109256&#8243; img_size=&#8221;full&#8221; alignment=&#8221;center&#8221;][\/vc_column][\/vc_row][vc_row][vc_column][vc_column_text css=&#8221;&#8221;] Pillanatok alatt \u00f6sszecsukhat\u00f3, k\u00e9szen \u00e1ll az utaz\u00e1sra Ak\u00e1r vil\u00e1g k\u00f6r\u00fcli \u00fatra indulsz, ak\u00e1r a sarki boltig s\u00e9t\u00e1lsz, a Bugaboo Butterfly 2 minden utaz\u00e1st gyerekj\u00e1t\u00e9kk\u00e1 tesz. Egyetlen mozdulattal ultrakompakt m\u00e9retre csukhat\u00f3,&#8230;<\/p>\n","protected":false},"author":5,"featured_media":0,"parent":0,"menu_order":0,"comment_status":"closed","ping_status":"closed","template":"","meta":{"_acf_changed":false,"footnotes":""},"class_list":["post-109252","page","type-page","status-publish","hentry"],"acf":[],"amp_enabled":true,"_links":{"self":[{"href":"https:\/\/mamasandpapas.hu\/blog\/wp-json\/wp\/v2\/pages\/109252","targetHints":{"allow":["GET"]}}],"collection":[{"href":"https:\/\/mamasandpapas.hu\/blog\/wp-json\/wp\/v2\/pages"}],"about":[{"href":"https:\/\/mamasandpapas.hu\/blog\/wp-json\/wp\/v2\/types\/page"}],"author":[{"embeddable":true,"href":"https:\/\/mamasandpapas.hu\/blog\/wp-json\/wp\/v2\/users\/5"}],"replies":[{"embeddable":true,"href":"https:\/\/mamasandpapas.hu\/blog\/wp-json\/wp\/v2\/comments?post=109252"}],"version-history":[{"count":39,"href":"https:\/\/mamasandpapas.hu\/blog\/wp-json\/wp\/v2\/pages\/109252\/revisions"}],"predecessor-version":[{"id":109316,"href":"https:\/\/mamasandpapas.hu\/blog\/wp-json\/wp\/v2\/pages\/109252\/revisions\/109316"}],"wp:attachment":[{"href":"https:\/\/mamasandpapas.hu\/blog\/wp-json\/wp\/v2\/media?parent=109252"}],"curies":[{"name":"wp","href":"https:\/\/api.w.org\/{rel}","templated":true}]}}