{"id":109168,"date":"2024-09-25T10:00:12","date_gmt":"2024-09-25T10:00:12","guid":{"rendered":"https:\/\/mamasandpapas.hu\/blog\/?page_id=109168"},"modified":"2024-09-25T10:29:04","modified_gmt":"2024-09-25T10:29:04","slug":"cybex-urban-mobility","status":"publish","type":"page","link":"https:\/\/mamasandpapas.hu\/blog\/cybex-urban-mobility\/","title":{"rendered":"Cybex Urban Mobility"},"content":{"rendered":"<div class=\"wpb-content-wrapper\"><p>[vc_row][vc_column offset=&#8221;vc_hidden-xs&#8221;][vc_video link=&#8221;https:\/\/www.youtube.com\/watch?v=f5ht6KOkvKg&#8221;][\/vc_column][\/vc_row][vc_row][vc_column][vc_empty_space height=&#8221;20px&#8221;][\/vc_column][\/vc_row][vc_row][vc_column width=&#8221;2\/3&#8243; offset=&#8221;vc_hidden-xs&#8221;][vc_single_image image=&#8221;109170&#8243; img_size=&#8221;full&#8221; alignment=&#8221;center&#8221;][\/vc_column][vc_column width=&#8221;1\/3&#8243; offset=&#8221;vc_hidden-xs&#8221;][vc_row_inner][vc_column_inner][vc_empty_space height=&#8221;80px&#8221;][\/vc_column_inner][\/vc_row_inner][vc_column_text]<span style=\"font-size: 36px;\"><strong>URBAN<\/strong><\/span><br \/>\n<span style=\"font-size: 36px;\"><strong>MOBILITY<\/strong><\/span><br \/>\n<img loading=\"lazy\" decoding=\"async\" src=\"https:\/\/www.cybex-online.com\/on\/demandware.static\/-\/Library-Sites-cybex-content-global\/default\/dw32fa3718\/images\/clp\/Urban_Mobility\/CYBEX-Urban-Mobility-Intro-Morse-Code-01.svg\" alt=\"\" width=\"386\" height=\"9\" \/><\/p>\n<p>Mer\u00fclj el a street-style forradalomban a Cybex leg\u00fajabb, Urban Mobility kollekci\u00f3j\u00e1val! Ez nem csup\u00e1n egy diz\u00e1jn fejl\u0151d\u00e9s, hanem forradalmi l\u00e9p\u00e9s a v\u00e1rosi sz\u00fcl\u0151s\u00e9g vil\u00e1g\u00e1ba.[\/vc_column_text][\/vc_column][\/vc_row][vc_row full_width=&#8221;stretch_row_content_no_spaces&#8221;][vc_column offset=&#8221;vc_hidden-lg vc_hidden-md vc_hidden-sm&#8221;][vc_single_image image=&#8221;109204&#8243; img_size=&#8221;full&#8221; alignment=&#8221;center&#8221;][\/vc_column][\/vc_row][vc_row][vc_column offset=&#8221;vc_hidden-lg vc_hidden-md vc_hidden-sm&#8221;][vc_column_text]<span style=\"font-size: 36px;\"><strong>URBAN<\/strong><\/span><br \/>\n<span style=\"font-size: 36px;\"><strong>MOBILITY<\/strong><\/span><br \/>\n<img loading=\"lazy\" decoding=\"async\" src=\"https:\/\/www.cybex-online.com\/on\/demandware.static\/-\/Library-Sites-cybex-content-global\/default\/dw32fa3718\/images\/clp\/Urban_Mobility\/CYBEX-Urban-Mobility-Intro-Morse-Code-01.svg\" alt=\"\" width=\"386\" height=\"9\" \/><\/p>\n<p>Mer\u00fclj el a street-style forradalomban a Cybex leg\u00fajabb, Urban Mobility kollekci\u00f3j\u00e1val! Ez nem csup\u00e1n egy diz\u00e1jn fejl\u0151d\u00e9s, hanem forradalmi l\u00e9p\u00e9s a v\u00e1rosi sz\u00fcl\u0151s\u00e9g vil\u00e1g\u00e1ba.[\/vc_column_text][\/vc_column][\/vc_row][vc_row][vc_column][vc_empty_space height=&#8221;20px&#8221;][\/vc_column][\/vc_row][vc_row css=&#8221;.vc_custom_1727205181205{background-color: #f6f6f6 !important;}&#8221;][vc_column][vc_row_inner][vc_column_inner width=&#8221;1\/4&#8243;][\/vc_column_inner][vc_column_inner width=&#8221;1\/2&#8243;][vc_column_text]<span style=\"font-size: 30px;\"><strong>SZERETETTEL TERVEZVE<\/strong><\/span><\/p>\n<p><span style=\"font-size: 21px;\">MINDEN PILLANATHOZ A METROPOLISZBAN<\/span><\/p>\n<p>Legyen sz\u00f3 hordoz\u00e1sr\u00f3l, s\u00e9t\u00e1r\u00f3l vagy aut\u00f3z\u00e1sr\u00f3l, a COYA Babahordoz\u00f3, a COYA Babakocsi \u00e9s a Cloud T i-Size aut\u00f3s\u00fcl\u00e9s t\u00f6k\u00e9letes \u00f6sszhangban m\u0171k\u00f6dnek egy\u00fctt. A st\u00edlusos monokr\u00f3m diz\u00e1jn \u00e9s a felt\u0171n\u0151 log\u00f3k egyedi karaktert adnak vil\u00e1godhoz.[\/vc_column_text][\/vc_column_inner][vc_column_inner width=&#8221;1\/4&#8243;][\/vc_column_inner][\/vc_row_inner][vc_row_inner][vc_column_inner width=&#8221;1\/3&#8243;][vc_single_image image=&#8221;109196&#8243; img_size=&#8221;full&#8221; alignment=&#8221;center&#8221;][\/vc_column_inner][vc_column_inner width=&#8221;1\/3&#8243;][vc_single_image image=&#8221;109192&#8243; img_size=&#8221;full&#8221; alignment=&#8221;center&#8221;][\/vc_column_inner][vc_column_inner width=&#8221;1\/3&#8243;][vc_single_image image=&#8221;109193&#8243; img_size=&#8221;full&#8221; alignment=&#8221;center&#8221;][\/vc_column_inner][\/vc_row_inner][vc_row_inner][vc_column_inner width=&#8221;1\/3&#8243;][vc_single_image image=&#8221;109197&#8243; img_size=&#8221;full&#8221; alignment=&#8221;center&#8221;][\/vc_column_inner][vc_column_inner width=&#8221;1\/3&#8243;][vc_single_image image=&#8221;109194&#8243; img_size=&#8221;full&#8221; alignment=&#8221;center&#8221;][\/vc_column_inner][vc_column_inner width=&#8221;1\/3&#8243;][vc_single_image image=&#8221;109195&#8243; img_size=&#8221;full&#8221; alignment=&#8221;center&#8221;][\/vc_column_inner][\/vc_row_inner][\/vc_column][\/vc_row][vc_row][vc_column][vc_empty_space height=&#8221;20px&#8221;][\/vc_column][\/vc_row][vc_row][vc_column width=&#8221;1\/3&#8243; offset=&#8221;vc_hidden-xs&#8221;][vc_empty_space height=&#8221;80px&#8221;][vc_column_text]<strong><span class=\"m-h1\" style=\"font-size: 30px;\">COYA babakocsi<\/span><\/strong><\/p>\n<p><span style=\"font-size: 21px;\">ULTRAKOMPAKT BABAKOCSI<\/span><\/p>\n<p>Emeld \u00faj szintre a felfedez\u00e9st! A st\u00edlusos sz\u00fcl\u0151k sz\u00e1m\u00e1ra k\u00e9sz\u00fclt COYA az els\u0151 ultrakompakt babakocsi, amely az ikonikus diz\u00e1jnt \u00e9s a funkcionalit\u00e1st egy c\u00e9ltudatos attit\u0171ddel \u00f6tv\u00f6zi.[\/vc_column_text][\/vc_column][vc_column width=&#8221;2\/3&#8243; offset=&#8221;vc_hidden-xs&#8221;][vc_single_image image=&#8221;109225&#8243; img_size=&#8221;full&#8221; alignment=&#8221;center&#8221;][\/vc_column][\/vc_row][vc_row full_width=&#8221;stretch_row_content_no_spaces&#8221;][vc_column offset=&#8221;vc_hidden-lg vc_hidden-md vc_hidden-sm&#8221;][vc_single_image image=&#8221;109224&#8243; img_size=&#8221;full&#8221; alignment=&#8221;center&#8221;][\/vc_column][\/vc_row][vc_row][vc_column offset=&#8221;vc_hidden-lg vc_hidden-md vc_hidden-sm&#8221;][vc_column_text]<strong><span class=\"m-h1\" style=\"font-size: 30px;\">COYA babakocsi<\/span><\/strong><\/p>\n<p><span style=\"font-size: 21px;\">ULTRAKOMPAKT BABAKOCSI<\/span><\/p>\n<p>Emeld \u00faj szintre a felfedez\u00e9st! A st\u00edlusos sz\u00fcl\u0151k sz\u00e1m\u00e1ra k\u00e9sz\u00fclt COYA az els\u0151 ultrakompakt babakocsi, amely az ikonikus diz\u00e1jnt \u00e9s a funkcionalit\u00e1st egy c\u00e9ltudatos attit\u0171ddel \u00f6tv\u00f6zi.[\/vc_column_text][\/vc_column][\/vc_row][vc_row][vc_column][vc_empty_space height=&#8221;30px&#8221;][\/vc_column][\/vc_row][vc_row][vc_column width=&#8221;2\/3&#8243;][vc_row_inner][vc_column_inner width=&#8221;1\/3&#8243;][vc_single_image image=&#8221;109228&#8243; img_size=&#8221;full&#8221; alignment=&#8221;center&#8221;][\/vc_column_inner][vc_column_inner width=&#8221;1\/3&#8243;][vc_single_image image=&#8221;109226&#8243; img_size=&#8221;full&#8221; alignment=&#8221;center&#8221;][\/vc_column_inner][vc_column_inner width=&#8221;1\/3&#8243;][vc_single_image image=&#8221;109227&#8243; img_size=&#8221;full&#8221; alignment=&#8221;center&#8221;][\/vc_column_inner][\/vc_row_inner][vc_row_inner][vc_column_inner width=&#8221;1\/3&#8243;][vc_single_image image=&#8221;109229&#8243; img_size=&#8221;full&#8221; alignment=&#8221;center&#8221;][\/vc_column_inner][vc_column_inner width=&#8221;1\/3&#8243;][vc_single_image image=&#8221;109230&#8243; img_size=&#8221;full&#8221; alignment=&#8221;center&#8221;][\/vc_column_inner][vc_column_inner width=&#8221;1\/3&#8243;][vc_single_image image=&#8221;109231&#8243; img_size=&#8221;full&#8221; alignment=&#8221;center&#8221;][\/vc_column_inner][\/vc_row_inner][\/vc_column][vc_column width=&#8221;1\/3&#8243;][vc_row_inner][vc_column_inner offset=&#8221;vc_hidden-xs&#8221;][vc_empty_space height=&#8221;80px&#8221;][\/vc_column_inner][\/vc_row_inner][vc_column_text]<strong><span style=\"font-size: 30px;\">GURULJ \u00c9S S\u00c9T\u00c1LJ MONOKR\u00d3M ST\u00cdLUSBAN<\/span><\/strong><\/p>\n<p>Ak\u00e1r a v\u00e1rosban s\u00e9t\u00e1lsz, ak\u00e1r a k\u00f6vetkez\u0151 \u00fatic\u00e9lodra rep\u00fclsz \u2013 a COYA szabadd\u00e1 tesz. K\u00f6nny\u0171, m\u00e1sodpercek alatt \u00f6sszecsukhat\u00f3, \u00e9s k\u00e9zipoggy\u00e1szk\u00e9nt is vihet\u0151, \u00edgy mindig a legjobb t\u00e1rsad lesz.[\/vc_column_text][vc_btn title=&#8221;Megn\u00e9zem&#8221; shape=&#8221;square&#8221; color=&#8221;inverse&#8221; align=&#8221;left&#8221; link=&#8221;url:https%3A%2F%2Fmamasandpapas.hu%2Ftermek%2Fcybex-coya-esernyokocsi-valassz-szint%2F|||&#8221;][\/vc_column][\/vc_row][vc_row][vc_column][vc_empty_space height=&#8221;30px&#8221;][\/vc_column][\/vc_row][vc_row][vc_column width=&#8221;1\/3&#8243; offset=&#8221;vc_hidden-xs&#8221;][vc_empty_space height=&#8221;80px&#8221;][vc_column_text]<strong><span class=\"m-h1\" style=\"font-size: 30px;\">Cloud T i-Size aut\u00f3s\u00fcl\u00e9s<\/span><\/strong><\/p>\n<p><span style=\"font-size: 21px;\">ERGONOMIKUS \u00c9S K\u00c9NYELMES<\/span><\/p>\n<p>Tedd egyediv\u00e9 az utaz\u00e1st m\u00e1r az els\u0151 napt\u00f3l! Az ADAC-d\u00edjnyertes Cloud T i-Size aut\u00f3s\u00fcl\u00e9s m\u00e1r az els\u0151 napokt\u00f3l biztons\u00e1gos utaz\u00e1st ny\u00fajt, \u00e9s seg\u00edt a zs\u00fafolt utc\u00e1kon egyszer\u0171en navig\u00e1lni.[\/vc_column_text][\/vc_column][vc_column width=&#8221;2\/3&#8243; offset=&#8221;vc_hidden-xs&#8221;][vc_single_image image=&#8221;109223&#8243; img_size=&#8221;full&#8221; alignment=&#8221;center&#8221;][\/vc_column][\/vc_row][vc_row full_width=&#8221;stretch_row_content_no_spaces&#8221;][vc_column offset=&#8221;vc_hidden-lg vc_hidden-md vc_hidden-sm&#8221;][vc_single_image image=&#8221;109213&#8243; img_size=&#8221;full&#8221; alignment=&#8221;center&#8221;][\/vc_column][\/vc_row][vc_row][vc_column offset=&#8221;vc_hidden-lg vc_hidden-md vc_hidden-sm&#8221;][vc_column_text]<strong><span class=\"m-h1\" style=\"font-size: 30px;\">Cloud T i-Size aut\u00f3s\u00fcl\u00e9s<\/span><\/strong><\/p>\n<p><span style=\"font-size: 21px;\">ERGONOMIKUS \u00c9S K\u00c9NYELMES<\/span><\/p>\n<p>Tedd egyediv\u00e9 az utaz\u00e1st m\u00e1r az els\u0151 napt\u00f3l! Az ADAC-d\u00edjnyertes Cloud T i-Size aut\u00f3s\u00fcl\u00e9s m\u00e1r az els\u0151 napokt\u00f3l biztons\u00e1gos utaz\u00e1st ny\u00fajt, \u00e9s seg\u00edt a zs\u00fafolt utc\u00e1kon egyszer\u0171en navig\u00e1lni.[\/vc_column_text][\/vc_column][\/vc_row][vc_row][vc_column][vc_empty_space height=&#8221;30px&#8221;][\/vc_column][\/vc_row][vc_row][vc_column width=&#8221;2\/3&#8243;][vc_row_inner][vc_column_inner width=&#8221;1\/3&#8243;][vc_single_image image=&#8221;109220&#8243; img_size=&#8221;full&#8221; alignment=&#8221;center&#8221;][\/vc_column_inner][vc_column_inner width=&#8221;1\/3&#8243;][vc_single_image image=&#8221;109217&#8243; img_size=&#8221;full&#8221; alignment=&#8221;center&#8221;][\/vc_column_inner][vc_column_inner width=&#8221;1\/3&#8243;][vc_single_image image=&#8221;109219&#8243; img_size=&#8221;full&#8221; alignment=&#8221;center&#8221;][\/vc_column_inner][\/vc_row_inner][vc_row_inner][vc_column_inner width=&#8221;1\/3&#8243;][vc_single_image image=&#8221;109215&#8243; img_size=&#8221;full&#8221; alignment=&#8221;center&#8221;][\/vc_column_inner][vc_column_inner width=&#8221;1\/3&#8243;][vc_single_image image=&#8221;109216&#8243; img_size=&#8221;full&#8221; alignment=&#8221;center&#8221;][\/vc_column_inner][vc_column_inner width=&#8221;1\/3&#8243;][vc_single_image image=&#8221;109218&#8243; img_size=&#8221;full&#8221; alignment=&#8221;center&#8221;][\/vc_column_inner][\/vc_row_inner][\/vc_column][vc_column width=&#8221;1\/3&#8243;][vc_row_inner][vc_column_inner offset=&#8221;vc_hidden-xs&#8221;][vc_empty_space height=&#8221;80px&#8221;][\/vc_column_inner][\/vc_row_inner][vc_column_text]<span style=\"font-size: 30px;\"><strong>DINAMIKUS \u00c9LETM\u00d3DRA TERVEZVE<\/strong><\/span><\/p>\n<p>D\u00edjnyertes biztons\u00e1g, amely megk\u00f6nny\u00edti az \u00e9letet. D\u00f6ntsd h\u00e1tra az aut\u00f3s\u00fcl\u00e9st a k\u00e9nyelmes utaz\u00e1sok\u00e9rt! Travel system kompatibilis, \u00edgy babakocsira is r\u00f6gz\u00edthet\u0151, \u00e9s ergonomikus, fekv\u0151 poz\u00edci\u00f3ba d\u00f6nthet\u0151.[\/vc_column_text][vc_btn title=&#8221;Megn\u00e9zem&#8221; shape=&#8221;square&#8221; color=&#8221;inverse&#8221; align=&#8221;left&#8221; link=&#8221;url:https%3A%2F%2Fmamasandpapas.hu%2Ftermek%2Fcybex-cloud-t-i-size-babahordozo-valassz-szint%2F|||&#8221;][\/vc_column][\/vc_row][vc_row][vc_column][vc_empty_space height=&#8221;30px&#8221;][\/vc_column][\/vc_row][vc_row][vc_column width=&#8221;1\/3&#8243; offset=&#8221;vc_hidden-xs&#8221;][vc_empty_space height=&#8221;80px&#8221;][vc_column_text]<span style=\"font-size: 30px;\"><strong><span class=\"m-h1\">COYA babahordoz\u00f3<\/span><\/strong><\/span><\/p>\n<p><span style=\"font-size: 21px;\">HORDD B\u00dcSZK\u00c9N<\/span><\/p>\n<p>Vidd magaddal gyermekedet az \u00e9let ny\u00fczsg\u00e9s\u00e9n \u00e9s sz\u00e9ps\u00e9ges utaz\u00e1s\u00e1n kereszt\u00fcl! A COYA babahordoz\u00f3 seg\u00edt egy \u00e9letre sz\u00f3l\u00f3 k\u00f6tel\u00e9ket kialak\u00edtani k\u00f6ztetek.[\/vc_column_text][\/vc_column][vc_column width=&#8221;2\/3&#8243; offset=&#8221;vc_hidden-xs&#8221;][vc_single_image image=&#8221;109201&#8243; img_size=&#8221;full&#8221; alignment=&#8221;center&#8221;][\/vc_column][\/vc_row][vc_row full_width=&#8221;stretch_row_content_no_spaces&#8221;][vc_column offset=&#8221;vc_hidden-lg vc_hidden-md vc_hidden-sm&#8221;][vc_single_image image=&#8221;109203&#8243; img_size=&#8221;full&#8221; alignment=&#8221;center&#8221;][\/vc_column][\/vc_row][vc_row][vc_column offset=&#8221;vc_hidden-lg vc_hidden-md vc_hidden-sm&#8221;][vc_column_text]<span style=\"font-size: 30px;\"><strong><span class=\"m-h1\">COYA babahordoz\u00f3<\/span><\/strong><\/span><\/p>\n<p><span style=\"font-size: 21px;\">HORDD B\u00dcSZK\u00c9N<\/span><\/p>\n<p>Vidd magaddal gyermekedet az \u00e9let ny\u00fczsg\u00e9s\u00e9n \u00e9s sz\u00e9ps\u00e9ges utaz\u00e1s\u00e1n kereszt\u00fcl! A COYA babahordoz\u00f3 seg\u00edt egy \u00e9letre sz\u00f3l\u00f3 k\u00f6tel\u00e9ket kialak\u00edtani k\u00f6ztetek.[\/vc_column_text][\/vc_column][\/vc_row][vc_row][vc_column][vc_empty_space height=&#8221;30px&#8221;][\/vc_column][\/vc_row][vc_row][vc_column width=&#8221;2\/3&#8243;][vc_row_inner][vc_column_inner width=&#8221;1\/3&#8243;][vc_single_image image=&#8221;109205&#8243; img_size=&#8221;full&#8221; alignment=&#8221;center&#8221;][\/vc_column_inner][vc_column_inner width=&#8221;1\/3&#8243;][vc_single_image image=&#8221;109206&#8243; img_size=&#8221;full&#8221; alignment=&#8221;center&#8221;][\/vc_column_inner][vc_column_inner width=&#8221;1\/3&#8243;][vc_single_image image=&#8221;109207&#8243; img_size=&#8221;full&#8221; alignment=&#8221;center&#8221;][\/vc_column_inner][\/vc_row_inner][vc_row_inner][vc_column_inner width=&#8221;1\/3&#8243;][vc_single_image image=&#8221;109208&#8243; img_size=&#8221;full&#8221; alignment=&#8221;center&#8221;][\/vc_column_inner][vc_column_inner width=&#8221;1\/3&#8243;][vc_single_image image=&#8221;109209&#8243; img_size=&#8221;full&#8221; alignment=&#8221;center&#8221;][\/vc_column_inner][vc_column_inner width=&#8221;1\/3&#8243;][vc_single_image image=&#8221;109210&#8243; img_size=&#8221;full&#8221; alignment=&#8221;center&#8221;][\/vc_column_inner][\/vc_row_inner][\/vc_column][vc_column width=&#8221;1\/3&#8243;][vc_row_inner][vc_column_inner offset=&#8221;vc_hidden-xs&#8221;][vc_empty_space height=&#8221;80px&#8221;][\/vc_column_inner][\/vc_row_inner][vc_column_text]<span style=\"font-size: 30px;\"><strong>GYERMEKHEZ IGAZOD\u00d3<br \/>\n3D-S ANYAG<\/strong><\/span><\/p>\n<p>Az innovat\u00edv h\u00e1tpanel h\u0171s\u00edt\u0151 3D h\u00e1l\u00f3s kialak\u00edt\u00e1ssal alkalmazkodik gyermeked m\u00e9ret\u00e9hez. Az okos diz\u00e1jn egyenletesen osztja el a gyermek s\u00faly\u00e1t, \u00edgy leveszi a terhet r\u00f3lad, mik\u00f6zben k\u00f6zel tartja a bab\u00e1t.[\/vc_column_text][vc_btn title=&#8221;Megn\u00e9zem&#8221; shape=&#8221;square&#8221; color=&#8221;inverse&#8221; align=&#8221;left&#8221; link=&#8221;url:https%3A%2F%2Fmamasandpapas.hu%2Ftermek%2Fcybex-coya-babahordozo-valassz-szint%2F|||&#8221;][\/vc_column][\/vc_row][vc_row][vc_column offset=&#8221;vc_hidden-lg vc_hidden-md vc_hidden-sm&#8221;][vc_video link=&#8221;https:\/\/www.youtube.com\/watch?v=f5ht6KOkvKg&#8221;][\/vc_column][\/vc_row]<\/p>\n<\/div>","protected":false},"excerpt":{"rendered":"<p>[vc_row][vc_column offset=&#8221;vc_hidden-xs&#8221;][vc_video link=&#8221;https:\/\/www.youtube.com\/watch?v=f5ht6KOkvKg&#8221;][\/vc_column][\/vc_row][vc_row][vc_column][vc_empty_space height=&#8221;20px&#8221;][\/vc_column][\/vc_row][vc_row][vc_column width=&#8221;2\/3&#8243; offset=&#8221;vc_hidden-xs&#8221;][vc_single_image image=&#8221;109170&#8243; img_size=&#8221;full&#8221; alignment=&#8221;center&#8221;][\/vc_column][vc_column width=&#8221;1\/3&#8243; offset=&#8221;vc_hidden-xs&#8221;][vc_row_inner][vc_column_inner][vc_empty_space height=&#8221;80px&#8221;][\/vc_column_inner][\/vc_row_inner][vc_column_text]URBAN MOBILITY Mer\u00fclj el a street-style forradalomban a Cybex leg\u00fajabb, Urban Mobility kollekci\u00f3j\u00e1val! Ez nem csup\u00e1n egy diz\u00e1jn fejl\u0151d\u00e9s, hanem forradalmi l\u00e9p\u00e9s a v\u00e1rosi sz\u00fcl\u0151s\u00e9g vil\u00e1g\u00e1ba.[\/vc_column_text][\/vc_column][\/vc_row][vc_row full_width=&#8221;stretch_row_content_no_spaces&#8221;][vc_column offset=&#8221;vc_hidden-lg vc_hidden-md vc_hidden-sm&#8221;][vc_single_image image=&#8221;109204&#8243; img_size=&#8221;full&#8221; alignment=&#8221;center&#8221;][\/vc_column][\/vc_row][vc_row][vc_column offset=&#8221;vc_hidden-lg vc_hidden-md vc_hidden-sm&#8221;][vc_column_text]URBAN MOBILITY Mer\u00fclj el&#8230;<\/p>\n","protected":false},"author":5,"featured_media":0,"parent":0,"menu_order":0,"comment_status":"closed","ping_status":"closed","template":"","meta":{"_acf_changed":false,"footnotes":""},"class_list":["post-109168","page","type-page","status-publish","hentry"],"acf":[],"amp_enabled":true,"_links":{"self":[{"href":"https:\/\/mamasandpapas.hu\/blog\/wp-json\/wp\/v2\/pages\/109168","targetHints":{"allow":["GET"]}}],"collection":[{"href":"https:\/\/mamasandpapas.hu\/blog\/wp-json\/wp\/v2\/pages"}],"about":[{"href":"https:\/\/mamasandpapas.hu\/blog\/wp-json\/wp\/v2\/types\/page"}],"author":[{"embeddable":true,"href":"https:\/\/mamasandpapas.hu\/blog\/wp-json\/wp\/v2\/users\/5"}],"replies":[{"embeddable":true,"href":"https:\/\/mamasandpapas.hu\/blog\/wp-json\/wp\/v2\/comments?post=109168"}],"version-history":[{"count":26,"href":"https:\/\/mamasandpapas.hu\/blog\/wp-json\/wp\/v2\/pages\/109168\/revisions"}],"predecessor-version":[{"id":109241,"href":"https:\/\/mamasandpapas.hu\/blog\/wp-json\/wp\/v2\/pages\/109168\/revisions\/109241"}],"wp:attachment":[{"href":"https:\/\/mamasandpapas.hu\/blog\/wp-json\/wp\/v2\/media?parent=109168"}],"curies":[{"name":"wp","href":"https:\/\/api.w.org\/{rel}","templated":true}]}}