{"id":108242,"date":"2023-07-31T14:30:20","date_gmt":"2023-07-31T14:30:20","guid":{"rendered":"https:\/\/mamasandpapas.hu\/blog\/?page_id=108242"},"modified":"2023-07-31T14:49:23","modified_gmt":"2023-07-31T14:49:23","slug":"bugaboo-giraffe","status":"publish","type":"page","link":"https:\/\/mamasandpapas.hu\/blog\/bugaboo-giraffe\/","title":{"rendered":"Bugaboo Giraffe"},"content":{"rendered":"<div class=\"wpb-content-wrapper\"><p>[vc_row css=&#8221;.vc_custom_1690715352303{background-color: #80d6c5 !important;}&#8221;][vc_column width=&#8221;1\/2&#8243;][vc_row_inner][vc_column_inner offset=&#8221;vc_hidden-xs&#8221;][vc_empty_space height=&#8221;150px&#8221;][\/vc_column_inner][\/vc_row_inner][vc_column_text]<\/p>\n<h3 class=\"basic-text__tag giraffe-hero__tag u-margin-bottom-8 u-h5\"><span style=\"color: #c05393;\">A Bugaboo sz\u00e9k<\/span><\/h3>\n<h1 class=\"giraffe-hero__title u-h3 u-margin-bottom-8 \">Bugaboo Giraffe<\/h1>\n<p class=\"u-text--regular u-margin-bottom-32--lg u-margin-bottom-8 u-inline-block\">Minden koroszt\u00e1ly sz\u00e1m\u00e1ra. A sz\u00e9k m\u00e1sodpercek alatt \u00e1ll\u00edthat\u00f3: 5 \u00fcl\u00e9spoz\u00edci\u00f3t k\u00edn\u00e1l, k\u00f6nnyed\u00e9n a n\u00f6vekv\u0151 gyermekhez igaz\u00edthat\u00f3 &#8211; az els\u0151 \u00e9tkez\u00e9sekt\u0151l az el\u0151tt\u00fck \u00e1ll\u00f3 kalandokig.<\/p>\n<p>[\/vc_column_text][vc_btn title=&#8221;Megveszem a sz\u00e9ket&#8221; style=&#8221;custom&#8221; custom_background=&#8221;#ff8043&#8243; custom_text=&#8221;#ffffff&#8221; shape=&#8221;square&#8221; link=&#8221;url:https%3A%2F%2Fmamasandpapas.hu%2Ftermek%2Fbugaboo-giraffe-szek-valassz-szint%2F|||&#8221;][\/vc_column][vc_column width=&#8221;1\/2&#8243;][vc_single_image image=&#8221;108243&#8243; img_size=&#8221;full&#8221; alignment=&#8221;center&#8221;][\/vc_column][\/vc_row][vc_row][vc_column][vc_row_inner][vc_column_inner width=&#8221;1\/4&#8243;][\/vc_column_inner][vc_column_inner width=&#8221;1\/2&#8243;][vc_column_text]<\/p>\n<div class=\"text-usps__title u-margin-bottom-24\">\n<h1 style=\"text-align: center;\">Vigy\u00e1zz, k\u00e9sz, \u00fclj!<\/h1>\n<p style=\"text-align: center;\">Ak\u00e1r tanul, eszik vagy j\u00e1tszik gyermeked, a Bugaboo Giraffe a felfedez\u00e9s pillanataihoz sz\u00fcletett az \u00e1lmos \u00fajsz\u00fcl\u00f6ttek, az izg\u0151-mozg\u00f3 totyog\u00f3k \u00e9s az nagyobb gyerk\u0151c\u00f6k sz\u00e1m\u00e1ra. Fedezd fel a sokoldal\u00fa tulajdons\u00e1gokat!<\/p>\n<\/div>\n<p>[\/vc_column_text][\/vc_column_inner][vc_column_inner width=&#8221;1\/4&#8243;][\/vc_column_inner][\/vc_row_inner][vc_row_inner][vc_column_inner width=&#8221;1\/4&#8243;][vc_column_text]<\/p>\n<h3 style=\"text-align: center;\"><span style=\"color: #ff0000;\">Minden koroszt\u00e1lynak<\/span><\/h3>\n<p style=\"text-align: center;\">Az els\u0151 falatoz\u00e1sokt\u00f3l az els\u0151 iskolanapig, a Bugaboo Giraffe a gyermekkel egy\u00fctt n\u0151.<\/p>\n<p>[\/vc_column_text][\/vc_column_inner][vc_column_inner width=&#8221;1\/4&#8243;][vc_column_text]<\/p>\n<h3 style=\"text-align: center;\"><span style=\"color: #ff0000;\">Biztons\u00e1gos \u00e9s strapab\u00edr\u00f3<\/span><\/h3>\n<p style=\"text-align: center;\">Tart\u00f3s, m\u00e9gis eleg\u00e1ns v\u00e1za megbirk\u00f3zik b\u00e1rmivel, b\u00e1rmilyen kih\u00edv\u00e1s el\u00e9 is \u00e1ll\u00edtja kis rosszcsontod.<\/p>\n<p>[\/vc_column_text][\/vc_column_inner][vc_column_inner width=&#8221;1\/4&#8243;][vc_column_text]<\/p>\n<h3 style=\"text-align: center;\"><span style=\"color: #ff0000;\">K\u00f6nnyen \u00e1ll\u00edthat\u00f3<\/span><\/h3>\n<p style=\"text-align: center;\">Az ergonomikus diz\u00e1jn egy kattint\u00e1ssal \u00e1ll\u00edthat\u00f3, nincs sz\u00fcks\u00e9g szersz\u00e1mokra!<\/p>\n<p>[\/vc_column_text][\/vc_column_inner][vc_column_inner width=&#8221;1\/4&#8243;][vc_column_text]<\/p>\n<h3 style=\"text-align: center;\"><span style=\"color: #ff0000;\">\u00d6kobar\u00e1t<\/span><\/h3>\n<p style=\"text-align: center;\">Bioalap\u00fa m\u0171anyagb\u00f3l \u00e9s FSC min\u0151s\u00edt\u00e9s\u0171 b\u00fckkf\u00e1b\u00f3l k\u00e9sz\u00fclt.<\/p>\n<p>[\/vc_column_text][\/vc_column_inner][\/vc_row_inner][\/vc_column][\/vc_row][vc_row css=&#8221;.vc_custom_1690724983554{background-color: #11807f !important;}&#8221;][vc_column width=&#8221;1\/3&#8243;][vc_single_image image=&#8221;108294&#8243; img_size=&#8221;full&#8221; alignment=&#8221;center&#8221;][\/vc_column][vc_column width=&#8221;1\/3&#8243;][vc_single_image image=&#8221;108297&#8243; img_size=&#8221;full&#8221; alignment=&#8221;center&#8221;][\/vc_column][vc_column width=&#8221;1\/3&#8243;][vc_single_image image=&#8221;108295&#8243; img_size=&#8221;full&#8221; alignment=&#8221;center&#8221;][\/vc_column][\/vc_row][vc_row][vc_column][vc_row_inner][vc_column_inner width=&#8221;1\/4&#8243;][\/vc_column_inner][vc_column_inner width=&#8221;1\/2&#8243;][vc_column_text]<\/p>\n<h1 class=\"u-h2 u-margin-bottom-16 giraffe-exploring__title \" style=\"text-align: center;\">Fedezd fel<\/h1>\n<p class=\"u-text--body-large u-margin-bottom-24 u-inline-block\" style=\"text-align: center;\">Okos tervez\u0151i tulajdons\u00e1gok, feltehet\u0151-levehet\u0151 kieg\u00e9sz\u00edt\u0151k: fedezd fel, hogy mi teszi a Bugaboo Giraffe-t a vil\u00e1g legpraktikusabb \u00fcltet\u0151rendszer\u00e9v\u00e9!<\/p>\n<p>[\/vc_column_text][\/vc_column_inner][vc_column_inner width=&#8221;1\/4&#8243;][\/vc_column_inner][\/vc_row_inner][vc_row_inner][vc_column_inner width=&#8221;1\/5&#8243;][vc_single_image image=&#8221;108245&#8243; img_size=&#8221;full&#8221; alignment=&#8221;center&#8221;][vc_column_text]<\/p>\n<h3 style=\"text-align: center;\">\u00dajsz\u00fcl\u00f6tteknek<\/h3>\n<p style=\"text-align: center;\">0-6 h\u00f3nap<\/p>\n<p>[\/vc_column_text][vc_btn title=&#8221;pihen\u0151sz\u00e9k&#8221; style=&#8221;custom&#8221; custom_background=&#8221;#ff8043&#8243; custom_text=&#8221;#ffffff&#8221; shape=&#8221;square&#8221; align=&#8221;center&#8221; button_block=&#8221;true&#8221; link=&#8221;url:https%3A%2F%2Fmamasandpapas.hu%2Ftermek%2Fbugaboo-giraffe-ujszulott-szett-valassz-szint%2F|||&#8221;][\/vc_column_inner][vc_column_inner width=&#8221;1\/5&#8243;][vc_single_image image=&#8221;108246&#8243; img_size=&#8221;full&#8221; alignment=&#8221;center&#8221;][vc_column_text]<\/p>\n<h3 style=\"text-align: center;\">Pihen\u0151sz\u00e9k<\/h3>\n<p style=\"text-align: center;\">0-6 h\u00f3nap<\/p>\n<p>[\/vc_column_text][vc_btn title=&#8221;pihen\u0151sz\u00e9k \u00e1llv\u00e1ny&#8221; style=&#8221;custom&#8221; custom_background=&#8221;#ff8043&#8243; custom_text=&#8221;#ffffff&#8221; shape=&#8221;square&#8221; align=&#8221;center&#8221; button_block=&#8221;true&#8221; link=&#8221;url:https%3A%2F%2Fmamasandpapas.hu%2Ftermek%2Fbugaboo-giraffe-hintazo-allvany-ujszulott-szetthez-natur%2F|||&#8221;][\/vc_column_inner][vc_column_inner width=&#8221;1\/5&#8243;][vc_single_image image=&#8221;108248&#8243; img_size=&#8221;full&#8221; alignment=&#8221;center&#8221;][vc_column_text]<\/p>\n<h3 style=\"text-align: center;\">Baby Set<\/h3>\n<p style=\"text-align: center;\">6-36 h\u00f3nap<\/p>\n<p>[\/vc_column_text][vc_btn title=&#8221;baby set&#8221; style=&#8221;custom&#8221; custom_background=&#8221;#ff8043&#8243; custom_text=&#8221;#ffffff&#8221; shape=&#8221;square&#8221; align=&#8221;center&#8221; button_block=&#8221;true&#8221; link=&#8221;url:https%3A%2F%2Fmamasandpapas.hu%2Ftermek%2Fbugaboo-giraffe-baby-set-valassz-szint%2F|||&#8221;][\/vc_column_inner][vc_column_inner width=&#8221;1\/5&#8243;][vc_single_image image=&#8221;108247&#8243; img_size=&#8221;full&#8221; alignment=&#8221;center&#8221;][vc_column_text]<\/p>\n<h3 style=\"text-align: center;\">Baby Set \u00e9s t\u00e1lca<\/h3>\n<p style=\"text-align: center;\">6-36 h\u00f3nap<\/p>\n<p>[\/vc_column_text][vc_btn title=&#8221;t\u00e1lca&#8221; style=&#8221;custom&#8221; custom_background=&#8221;#ff8043&#8243; custom_text=&#8221;#ffffff&#8221; shape=&#8221;square&#8221; align=&#8221;center&#8221; button_block=&#8221;true&#8221; link=&#8221;url:https%3A%2F%2Fmamasandpapas.hu%2Ftermek%2Fbugaboo-giraffe-talca-valassz-szint%2F|||&#8221;][\/vc_column_inner][vc_column_inner width=&#8221;1\/5&#8243;][vc_single_image image=&#8221;108249&#8243; img_size=&#8221;full&#8221; alignment=&#8221;center&#8221;][vc_column_text]<\/p>\n<h3 style=\"text-align: center;\">Sz\u00e9k<\/h3>\n<p style=\"text-align: center;\">3 \u00e9ves kort\u00f3l<\/p>\n<p>[\/vc_column_text][vc_btn title=&#8221;sz\u00e9k&#8221; style=&#8221;custom&#8221; custom_background=&#8221;#ff8043&#8243; custom_text=&#8221;#ffffff&#8221; shape=&#8221;square&#8221; align=&#8221;center&#8221; button_block=&#8221;true&#8221; link=&#8221;url:https%3A%2F%2Fmamasandpapas.hu%2Ftermek%2Fbugaboo-giraffe-szek-valassz-szint%2F|||&#8221;][\/vc_column_inner][\/vc_row_inner][\/vc_column][\/vc_row][vc_row][vc_column offset=&#8221;vc_hidden-xs&#8221;][vc_empty_space height=&#8221;20px&#8221;][\/vc_column][\/vc_row][vc_row css=&#8221;.vc_custom_1690724528082{background-color: #ee907b !important;}&#8221;][vc_column width=&#8221;1\/3&#8243;][vc_single_image image=&#8221;108250&#8243; img_size=&#8221;full&#8221; alignment=&#8221;center&#8221;][\/vc_column][vc_column width=&#8221;1\/3&#8243;][vc_row_inner][vc_column_inner offset=&#8221;vc_hidden-xs&#8221;][vc_empty_space height=&#8221;120px&#8221;][\/vc_column_inner][\/vc_row_inner][vc_column_text]<\/p>\n<h1 class=\"giraffe-adjustability__title\" style=\"text-align: center;\"><span style=\"color: #ffffff;\">Minden \u00e9letkorban, minden szinten<\/span><\/h1>\n<p class=\"u-text--body-large u-margin-bottom-32\" style=\"text-align: center;\"><span style=\"color: #ffffff;\">Ergonomikus t\u00e1masz \u00e9s k\u00e9nyelem szak\u00e9rtelemmel tervezve: a l\u00e1bt\u00e1masz \u00e9s az \u00fcl\u0151fel\u00fclet is egyszer\u0171en \u00e1ll\u00edthat\u00f3 egy kattint\u00e1ssal \u00e9s egy cs\u00fasztat\u00e1ssal, nincs sz\u00fcks\u00e9g szersz\u00e1mokra!<\/span><\/p>\n<p>[\/vc_column_text][\/vc_column][vc_column width=&#8221;1\/3&#8243;][vc_single_image image=&#8221;108253&#8243; img_size=&#8221;full&#8221; alignment=&#8221;center&#8221;][\/vc_column][\/vc_row][vc_row][vc_column offset=&#8221;vc_hidden-xs&#8221;][vc_empty_space height=&#8221;20px&#8221;][\/vc_column][\/vc_row][vc_row][vc_column width=&#8221;1\/2&#8243;][vc_row_inner][vc_column_inner][vc_empty_space][\/vc_column_inner][\/vc_row_inner][vc_column_text]<\/p>\n<h2 class=\"u-h4 u-margin-bottom-8 giraffe-sustainable__title\">Sz\u00e9k a gyermekek \u00e9s a vil\u00e1g j\u00f6v\u0151j\u00e9\u00e9rt<\/h2>\n<p class=\"giraffe-sustainable__text\">Minden Bugaboo Giraffe sz\u00e9k 100%-ban fenntarthat\u00f3 forr\u00e1sb\u00f3l sz\u00e1rmaz\u00f3 anyagokb\u00f3l k\u00e9sz\u00fclt.<\/p>\n<p class=\"u-h5\"><strong>Fenntarthat\u00f3 forr\u00e1sb\u00f3l sz\u00e1rmaz\u00f3 fa<\/strong><\/p>\n<p class=\"u-margin-top-8\">FSC min\u0151s\u00edt\u00e9s\u0171 eur\u00f3pai b\u00fckkf\u00e1b\u00f3l k\u00e9sz\u00fclt.<\/p>\n<p class=\"u-h5\"><strong>Bio-alap\u00fa m\u0171anyag<\/strong><\/p>\n<p class=\"u-margin-top-8\">Minden m\u0171anyag elem ISCC szabv\u00e1nyos bio-alap\u00fa anyagokb\u00f3l k\u00e9sz\u00fclt, ami azt jelenti, hogy a Bugaboo Giraffe karbonl\u00e1bnyoma 60%-kal alacsonyabb ahhoz k\u00e9pest, mintha hagyom\u00e1nyos m\u0171anyagb\u00f3l k\u00e9sz\u00fclt volna.<\/p>\n<p class=\"u-h5\"><strong>Hossz\u00fa\u00e9let\u0171<\/strong><\/p>\n<p class=\"u-margin-top-8\">A min\u0151s\u00e9gi alapanyagok \u00e9s a kiv\u00e1l\u00f3 mestermunka \u00f6tv\u00f6zet\u00e9b\u0151l egy tart\u00f3s sz\u00e9k sz\u00fcletett, melyet gener\u00e1ci\u00f3kon \u00e1t haszn\u00e1lhatnak majd a csal\u00e1dok.<\/p>\n<p>[\/vc_column_text][\/vc_column][vc_column width=&#8221;1\/2&#8243;][vc_single_image image=&#8221;108262&#8243; img_size=&#8221;full&#8221; alignment=&#8221;center&#8221;][\/vc_column][\/vc_row][vc_row css=&#8221;.vc_custom_1690720653546{background-color: #ee907b !important;}&#8221;][vc_column][vc_column_text]<\/p>\n<h2 style=\"text-align: center;\"><span style=\"color: #ffffff;\">A Bugaboo \u00edg\u00e9rete<\/span><\/h2>\n<p>[\/vc_column_text][vc_row_inner][vc_column_inner width=&#8221;1\/3&#8243;][vc_single_image image=&#8221;108266&#8243; img_size=&#8221;full&#8221; alignment=&#8221;center&#8221;][vc_column_text]<\/p>\n<h3 style=\"text-align: center;\"><span style=\"color: #ffffff;\">Biztons\u00e1g<\/span><\/h3>\n<p style=\"text-align: center;\"><span style=\"color: #ffffff;\">Amikor k\u00edv\u00e1ncsi kisbab\u00e1d elkezd mocorogni, forogni, az 5-pontos biztons\u00e1gi \u00f6v akkor is extra bitons\u00e1got n\u00fajt.<\/span><\/p>\n<p>[\/vc_column_text][\/vc_column_inner][vc_column_inner width=&#8221;1\/3&#8243;][vc_single_image image=&#8221;108268&#8243; img_size=&#8221;full&#8221; alignment=&#8221;center&#8221;][vc_column_text]<\/p>\n<h3 style=\"text-align: center;\"><span style=\"color: #ffffff;\">K\u00e9nyelem<\/span><\/h3>\n<p style=\"text-align: center;\"><span style=\"color: #ffffff;\">Az egyszer\u0171en tiszt\u00edthat\u00f3 etet\u0151sz\u00e9k \u00e9s a levehet\u0151 t\u00e1lca b\u00e1rmilyen felfordul\u00e1ssal megbirk\u00f3zik.\u00a0<\/span><\/p>\n<p>[\/vc_column_text][\/vc_column_inner][vc_column_inner width=&#8221;1\/3&#8243;][vc_single_image image=&#8221;108267&#8243; img_size=&#8221;full&#8221; alignment=&#8221;center&#8221;][vc_column_text]<\/p>\n<h3 style=\"text-align: center;\"><span style=\"color: #ffffff;\">Diz\u00e1jn<\/span><\/h3>\n<p style=\"text-align: center;\"><span style=\"color: #ffffff;\">A simul\u00e9kony, h\u00e1romsz\u00f6glet\u0171 diz\u00e1jn k\u00e9nyelmet, stabilit\u00e1st ny\u00fajt, megadja a mozg\u00e1s szabads\u00e1g\u00e1t, hogy minden \u00e9tkez\u00e9s egy \u00f6tcsillagos \u00e9lm\u00e9ny lehessen.<\/span><\/p>\n<p>[\/vc_column_text][\/vc_column_inner][\/vc_row_inner][\/vc_column][\/vc_row][vc_row css=&#8221;.vc_custom_1690720811821{background-color: #80d6c5 !important;}&#8221;][vc_column width=&#8221;1\/2&#8243;][vc_single_image image=&#8221;108269&#8243; img_size=&#8221;full&#8221; alignment=&#8221;center&#8221;][\/vc_column][vc_column width=&#8221;1\/2&#8243;][vc_single_image image=&#8221;108270&#8243; img_size=&#8221;full&#8221; alignment=&#8221;center&#8221;][\/vc_column][\/vc_row][vc_row][vc_column width=&#8221;1\/2&#8243;][vc_row_inner][vc_column_inner offset=&#8221;vc_hidden-xs&#8221;][vc_empty_space height=&#8221;150px&#8221;][\/vc_column_inner][\/vc_row_inner][vc_column_text]<\/p>\n<h1>Vigy\u00e1zz, k\u00e9sz, \u00fclj!<\/h1>\n<p>Teljesen mindegy, hogy mennyi id\u0151s gyermeked, a Bugaboo Giraffe ott lesz minden egyes m\u00e9rf\u00f6ldk\u0151n\u00e9l, \u00e9s m\u00e9g ann\u00e1l is tov\u00e1bb.[\/vc_column_text][vc_btn title=&#8221;Megveszem a sz\u00e9ket&#8221; style=&#8221;custom&#8221; custom_background=&#8221;#ff8043&#8243; custom_text=&#8221;#ffffff&#8221; shape=&#8221;square&#8221; link=&#8221;url:https%3A%2F%2Fmamasandpapas.hu%2Ftermek%2Fbugaboo-giraffe-szek-valassz-szint%2F|||&#8221;][\/vc_column][vc_column width=&#8221;1\/2&#8243;][vc_single_image image=&#8221;108272&#8243; img_size=&#8221;full&#8221; alignment=&#8221;center&#8221;][\/vc_column][\/vc_row]<\/p>\n<\/div>","protected":false},"excerpt":{"rendered":"<p>[vc_row css=&#8221;.vc_custom_1690715352303{background-color: #80d6c5 !important;}&#8221;][vc_column width=&#8221;1\/2&#8243;][vc_row_inner][vc_column_inner offset=&#8221;vc_hidden-xs&#8221;][vc_empty_space height=&#8221;150px&#8221;][\/vc_column_inner][\/vc_row_inner][vc_column_text] A Bugaboo sz\u00e9k Bugaboo Giraffe Minden koroszt\u00e1ly sz\u00e1m\u00e1ra. A sz\u00e9k m\u00e1sodpercek alatt \u00e1ll\u00edthat\u00f3: 5 \u00fcl\u00e9spoz\u00edci\u00f3t k\u00edn\u00e1l, k\u00f6nnyed\u00e9n a n\u00f6vekv\u0151 gyermekhez igaz\u00edthat\u00f3 &#8211; az els\u0151 \u00e9tkez\u00e9sekt\u0151l az el\u0151tt\u00fck \u00e1ll\u00f3 kalandokig. [\/vc_column_text][vc_btn title=&#8221;Megveszem a sz\u00e9ket&#8221; style=&#8221;custom&#8221; custom_background=&#8221;#ff8043&#8243; custom_text=&#8221;#ffffff&#8221; shape=&#8221;square&#8221; link=&#8221;url:https%3A%2F%2Fmamasandpapas.hu%2Ftermek%2Fbugaboo-giraffe-szek-valassz-szint%2F|||&#8221;][\/vc_column][vc_column width=&#8221;1\/2&#8243;][vc_single_image image=&#8221;108243&#8243; img_size=&#8221;full&#8221; alignment=&#8221;center&#8221;][\/vc_column][\/vc_row][vc_row][vc_column][vc_row_inner][vc_column_inner width=&#8221;1\/4&#8243;][\/vc_column_inner][vc_column_inner&#8230;<\/p>\n","protected":false},"author":5,"featured_media":0,"parent":0,"menu_order":0,"comment_status":"closed","ping_status":"closed","template":"","meta":{"_acf_changed":false,"footnotes":""},"class_list":["post-108242","page","type-page","status-publish","hentry"],"acf":[],"amp_enabled":true,"_links":{"self":[{"href":"https:\/\/mamasandpapas.hu\/blog\/wp-json\/wp\/v2\/pages\/108242","targetHints":{"allow":["GET"]}}],"collection":[{"href":"https:\/\/mamasandpapas.hu\/blog\/wp-json\/wp\/v2\/pages"}],"about":[{"href":"https:\/\/mamasandpapas.hu\/blog\/wp-json\/wp\/v2\/types\/page"}],"author":[{"embeddable":true,"href":"https:\/\/mamasandpapas.hu\/blog\/wp-json\/wp\/v2\/users\/5"}],"replies":[{"embeddable":true,"href":"https:\/\/mamasandpapas.hu\/blog\/wp-json\/wp\/v2\/comments?post=108242"}],"version-history":[{"count":49,"href":"https:\/\/mamasandpapas.hu\/blog\/wp-json\/wp\/v2\/pages\/108242\/revisions"}],"predecessor-version":[{"id":108316,"href":"https:\/\/mamasandpapas.hu\/blog\/wp-json\/wp\/v2\/pages\/108242\/revisions\/108316"}],"wp:attachment":[{"href":"https:\/\/mamasandpapas.hu\/blog\/wp-json\/wp\/v2\/media?parent=108242"}],"curies":[{"name":"wp","href":"https:\/\/api.w.org\/{rel}","templated":true}]}}