{"id":107267,"date":"2022-12-09T15:07:16","date_gmt":"2022-12-09T15:07:16","guid":{"rendered":"https:\/\/mamasandpapas.hu\/blog\/?page_id=107267"},"modified":"2025-09-05T11:48:02","modified_gmt":"2025-09-05T09:48:02","slug":"cbyex-balios-s-lux-babakocsi","status":"publish","type":"page","link":"https:\/\/mamasandpapas.hu\/blog\/cbyex-balios-s-lux-babakocsi\/","title":{"rendered":"Cbyex Balios S Lux babakocsi"},"content":{"rendered":"<div class=\"wpb-content-wrapper\"><p>[vc_row][vc_column offset=&#8221;vc_hidden-xs&#8221;][vc_single_image image=&#8221;109455&#8243; img_size=&#8221;full&#8221; alignment=&#8221;center&#8221; css=&#8221;&#8221;][\/vc_column][\/vc_row][vc_row full_width=&#8221;stretch_row_content_no_spaces&#8221;][vc_column offset=&#8221;vc_hidden-lg vc_hidden-md vc_hidden-sm&#8221;][vc_single_image image=&#8221;109456&#8243; img_size=&#8221;full&#8221; alignment=&#8221;center&#8221; css=&#8221;&#8221;][\/vc_column][\/vc_row][vc_row][vc_column][vc_column_text]<\/p>\n<p style=\"text-align: center;\">Szereted kihozni a v\u00e1rosi \u00e9letform\u00e1b\u00f3l a legt\u00f6bbet? Az \u00faj Balios S Lux magasfok\u00fa rugalmass\u00e1got \u00e9s kimagasl\u00f3 k\u00e9nyelmet biztos\u00edt sz\u00e1modra \u00e9s gyermeked sz\u00e1m\u00e1ra is m\u00e1r \u00e9lete els\u0151 napj\u00e1t\u00f3l kezdve. \u00c9lvezd a nyugalmat az\u00e1ltal, hogy tudod, gyermeked biztons\u00e1gban van, mik\u00f6zben te elint\u00e9zheted a napi teend\u0151idet. A travel systemnek k\u00f6sz\u00f6nhet\u0151en v\u00e1laszthatsz az \u00faj Cot S m\u00f3zeskos\u00e1r, a gyerek\u00fcl\u00e9s vagy a babakocsi \u00fcl\u00e9sr\u00e9sze k\u00f6z\u00f6tt. A j\u00e1rdaszeg\u00e9lyekkel, macskak\u00f6vekkel vagy g\u00f6r\u00f6ngy\u00f6s j\u00e1rd\u00e1kkal k\u00f6nny\u0171 megbirk\u00f3zni a tov\u00e1bbfejlesztett, v\u00e1rosra tervezett felf\u00fcggeszt\u00e9ssel. Az ergonomikus, d\u00f6nthet\u0151 poz\u00edci\u00f3 lehet\u0151v\u00e9 teszi, hogy m\u00e9g a legkisebb bab\u00e1k is gondtalanul \u00e9lvezhess\u00e9k az utaz\u00e1sokat, m\u00edg az egyedi, egykezes biztons\u00e1gi \u00f6v m\u00e1sodpercek alatt a megfelel\u0151 m\u00e9retre \u00e1ll\u00edthat\u00f3.<\/p>\n<p>[\/vc_column_text][vc_separator border_width=&#8221;3&#8243;][\/vc_column][\/vc_row][vc_row][vc_column offset=&#8221;vc_hidden-xs&#8221;][vc_row_inner][vc_column_inner width=&#8221;1\/2&#8243;][vc_single_image image=&#8221;109465&#8243; img_size=&#8221;full&#8221; alignment=&#8221;center&#8221; css=&#8221;&#8221;][\/vc_column_inner][vc_column_inner width=&#8221;1\/2&#8243;][vc_empty_space height=&#8221;150px&#8221;][vc_column_text]<strong>Travel system<\/strong><\/p>\n<p>Egy babakocsi, n\u00e9gy utaz\u00e1si m\u00f3d. A babakocsi v\u00e1z\u00e1ra csatlakoztathat\u00f3 a Cot S m\u00f3zeskos\u00e1r, a Cocoon S, egy \u00fajsz\u00fcl\u00f6tt aut\u00f3s\u00fcl\u00e9s vagy az \u00fcl\u00e9sr\u00e9sz is, ez\u00e1ltal a babakocsi b\u00e1rmilyen utaz\u00e1shoz alkalmas.[\/vc_column_text][\/vc_column_inner][\/vc_row_inner][vc_row_inner css=&#8221;.vc_custom_1659091571392{background-color: #f2f2f2 !important;}&#8221;][vc_column_inner width=&#8221;1\/2&#8243;][vc_single_image image=&#8221;109473&#8243; img_size=&#8221;full&#8221; alignment=&#8221;center&#8221; css=&#8221;&#8221;][\/vc_column_inner][vc_column_inner width=&#8221;1\/2&#8243;][vc_empty_space height=&#8221;150px&#8221;][vc_column_text]<strong>Egy k\u00e9zzel m\u00e9retre \u00e1ll\u00edthat\u00f3 tol\u00f3kar<\/strong><\/p>\n<p>A tol\u00f3kar magass\u00e1ga egy k\u00e9zzel k\u00f6nnyed\u00e9n be\u00e1ll\u00edthat\u00f3 a sz\u00fcl\u0151nek legmegfelel\u0151bb poz\u00edci\u00f3ba.[\/vc_column_text][\/vc_column_inner][\/vc_row_inner][vc_row_inner][vc_column_inner width=&#8221;1\/2&#8243;][vc_single_image image=&#8221;109470&#8243; img_size=&#8221;full&#8221; alignment=&#8221;center&#8221; css=&#8221;&#8221;][\/vc_column_inner][vc_column_inner width=&#8221;1\/2&#8243;][vc_empty_space height=&#8221;150px&#8221;][vc_column_text]<strong>XXL m\u00e9ret\u0171 napkupola h\u00e1l\u00f3s ablakkal<\/strong><\/p>\n<p>Az XXL m\u00e9ret\u0171 UPF50+ napkupola v\u00e9delmet biztos\u00edt gyermeked sz\u00e1m\u00e1ra az id\u0151j\u00e1r\u00e1si elemekkel szemben. A h\u00e1l\u00f3s ablaknak k\u00f6sz\u00f6nhet\u0151en megfelel\u0151 szell\u0151z\u00e9st biztos\u00edt a forr\u00f3 ny\u00e1ri napokon is.[\/vc_column_text][\/vc_column_inner][\/vc_row_inner][vc_row_inner css=&#8221;.vc_custom_1670599676826{background-color: #f2f2f2 !important;}&#8221;][vc_column_inner width=&#8221;1\/2&#8243;][vc_single_image image=&#8221;109466&#8243; img_size=&#8221;full&#8221; alignment=&#8221;center&#8221; css=&#8221;&#8221;][\/vc_column_inner][vc_column_inner width=&#8221;1\/2&#8243;][vc_empty_space height=&#8221;150px&#8221;][vc_column_text]<strong>Ergonomikus v\u00edzszintes poz\u00edci\u00f3<\/strong><\/p>\n<p>A Balios S Lux nagym\u00e9ret\u0171 megford\u00edthat\u00f3 \u00fcl\u00e9sr\u00e9sze k\u00e9nyelmes \u00e9s teljesen v\u00edzszinten ergonomikus poz\u00edci\u00f3ba d\u00f6nthet\u0151, ami \u00edgy ak\u00e1r \u00fajsz\u00fcl\u00f6tt kort\u00f3l haszn\u00e1lhat\u00f3. n\u00f6veked\u00e9s \u00fctem\u00e9ben megfelel\u0151 m\u00e9retre \u00e1ll\u00edthat\u00f3.[\/vc_column_text][\/vc_column_inner][\/vc_row_inner][vc_row_inner][vc_column_inner width=&#8221;1\/2&#8243;][vc_single_image image=&#8221;109467&#8243; img_size=&#8221;full&#8221; alignment=&#8221;center&#8221; css=&#8221;&#8221;][\/vc_column_inner][vc_column_inner width=&#8221;1\/2&#8243;][vc_empty_space height=&#8221;150px&#8221;][vc_column_text]<strong>Egykezes biztons\u00e1gi \u00f6v<\/strong><\/p>\n<p>R\u00f6gz\u00edtsd a gyermekedet m\u00e1sodpercek alatt. Az \u00fcl\u00e9sr\u00e9sz biztons\u00e1gi \u00f6ve k\u00f6nnyed\u00e9n be\u00e1ll\u00edthat\u00f3 a megfelel\u0151 m\u00e9retre \u00e9s ehhez csak az egyik kezedre van sz\u00fcks\u00e9g.[\/vc_column_text][\/vc_column_inner][\/vc_row_inner][vc_row_inner css=&#8221;.vc_custom_1659091556041{background-color: #f2f2f2 !important;}&#8221;][vc_column_inner width=&#8221;1\/2&#8243;][vc_single_image image=&#8221;109471&#8243; img_size=&#8221;full&#8221; alignment=&#8221;center&#8221; css=&#8221;&#8221;][\/vc_column_inner][vc_column_inner width=&#8221;1\/2&#8243;][vc_empty_space height=&#8221;150px&#8221;][vc_column_text]<strong>Tov\u00e1bbfejlesztett felf\u00fcggeszt\u00e9s<\/strong><\/p>\n<p>Az els\u0151ker\u00e9k-felf\u00fcggeszt\u00e9s a forradalmian \u00faj, v\u00e1zon elhelyezett h\u00e1ts\u00f3 felf\u00fcggeszt\u00e9ssel kombin\u00e1lva \u00faj szintre emeli az utaz\u00e1si k\u00e9nyelmet.[\/vc_column_text][\/vc_column_inner][\/vc_row_inner][vc_row_inner][vc_column_inner width=&#8221;1\/2&#8243;][vc_single_image image=&#8221;109468&#8243; img_size=&#8221;full&#8221; alignment=&#8221;center&#8221; css=&#8221;&#8221;][\/vc_column_inner][vc_column_inner width=&#8221;1\/2&#8243;][vc_empty_space height=&#8221;150px&#8221;][vc_column_text]<strong>T\u00e1gas bev\u00e1s\u00e1rl\u00f3kos\u00e1r<\/strong><\/p>\n<p>A10 kg-os terhelhet\u0151s\u00e9g\u00e9nek k\u00f6sz\u00f6nhet\u0151en a Balios S Lux felbecs\u00fclhetetlen \u00e9rt\u00e9k\u0171 t\u00e1rsad lesz a heti bev\u00e1s\u00e1rl\u00e1sok, kir\u00e1ndul\u00e1sok \u00e9s piknikek alkalm\u00e1val.[\/vc_column_text][\/vc_column_inner][\/vc_row_inner][vc_row_inner css=&#8221;.vc_custom_1670599696513{background-color: #f2f2f2 !important;}&#8221;][vc_column_inner width=&#8221;1\/2&#8243;][vc_single_image image=&#8221;109469&#8243; img_size=&#8221;full&#8221; alignment=&#8221;center&#8221; css=&#8221;&#8221;][\/vc_column_inner][vc_column_inner width=&#8221;1\/2&#8243;][vc_empty_space height=&#8221;150px&#8221;][vc_column_text]<strong>Defektmentes terepkerekek<\/strong><\/p>\n<p>A defekt\u00e1ll\u00f3 kerekeknek k\u00f6sz\u00f6nhet\u0151en az egyenetlen terep sem akad\u00e1ly t\u00f6bb\u00e9.[\/vc_column_text][\/vc_column_inner][\/vc_row_inner][vc_row_inner][vc_column_inner width=&#8221;1\/2&#8243;][vc_single_image image=&#8221;109472&#8243; img_size=&#8221;full&#8221; alignment=&#8221;center&#8221; css=&#8221;&#8221;][\/vc_column_inner][vc_column_inner width=&#8221;1\/2&#8243;][vc_empty_space height=&#8221;150px&#8221;][vc_column_text]<strong>Egy k\u00e9zzel \u00f6sszecsukhat\u00f3, \u00f6nmag\u00e1ban is meg\u00e1ll<\/strong><\/p>\n<p>A Balios S Lux egy k\u00e9zzel k\u00f6nnyed\u00e9n \u00f6sszecsukhat\u00f3, \u00e9s \u00f6nmag\u00e1ban is meg\u00e1ll \u00f6sszez\u00e1rt poz\u00edci\u00f3ban, ez\u00e1ltal k\u00f6nnyed\u00e9n t\u00e1rolhat\u00f3.[\/vc_column_text][\/vc_column_inner][\/vc_row_inner][vc_row_inner][vc_column_inner width=&#8221;1\/2&#8243;][vc_empty_space height=&#8221;100px&#8221;][vc_column_text]Aj\u00e1nljuk: \u00fajsz\u00fcl\u00f6tt kort\u00f3l kb. 4 \u00e9ves korig<br \/>\nMaximum terhel\u00e9s: 22 kg<\/p>\n<p>M\u00e9retei kinyitva: Ho: 81-91 x Sz\u00e9: 60 x Ma: 100-110 cm<br \/>\nM\u00e9retei \u00f6sszecsukva: Ho: 40 x Sz\u00e9: 48,5 x Ma: 65 cm<br \/>\nS\u00falya: 11.7 kg[\/vc_column_text][\/vc_column_inner][vc_column_inner width=&#8221;1\/2&#8243;][vc_video link=&#8221;https:\/\/www.youtube.com\/watch?v=uSUW0HZojg0&#8243; css=&#8221;&#8221;][\/vc_column_inner][\/vc_row_inner][\/vc_column][\/vc_row][vc_row][vc_column offset=&#8221;vc_hidden-lg vc_hidden-md vc_hidden-sm&#8221;][vc_row_inner][vc_column_inner width=&#8221;1\/2&#8243;][vc_single_image image=&#8221;109465&#8243; img_size=&#8221;full&#8221; alignment=&#8221;center&#8221; css=&#8221;&#8221;][\/vc_column_inner][vc_column_inner width=&#8221;1\/2&#8243;][vc_column_text]<strong>Travel system<\/strong><\/p>\n<p>Egy babakocsi, n\u00e9gy utaz\u00e1si m\u00f3d. A babakocsi v\u00e1z\u00e1ra csatlakoztathat\u00f3 a Cot S m\u00f3zeskos\u00e1r, a Cocoon S, egy \u00fajsz\u00fcl\u00f6tt aut\u00f3s\u00fcl\u00e9s vagy az \u00fcl\u00e9sr\u00e9sz is, ez\u00e1ltal a babakocsi b\u00e1rmilyen utaz\u00e1shoz alkalmas.[\/vc_column_text][\/vc_column_inner][\/vc_row_inner][vc_row_inner css=&#8221;.vc_custom_1659091571392{background-color: #f2f2f2 !important;}&#8221;][vc_column_inner width=&#8221;1\/2&#8243;][vc_single_image image=&#8221;109473&#8243; img_size=&#8221;full&#8221; alignment=&#8221;center&#8221; css=&#8221;&#8221;][\/vc_column_inner][vc_column_inner width=&#8221;1\/2&#8243;][vc_column_text]<strong>Egy k\u00e9zzel m\u00e9retre \u00e1ll\u00edthat\u00f3 tol\u00f3kar<\/strong><\/p>\n<p>A tol\u00f3kar magass\u00e1ga egy k\u00e9zzel k\u00f6nnyed\u00e9n be\u00e1ll\u00edthat\u00f3 a sz\u00fcl\u0151nek legmegfelel\u0151bb poz\u00edci\u00f3ba.[\/vc_column_text][\/vc_column_inner][\/vc_row_inner][vc_row_inner][vc_column_inner width=&#8221;1\/2&#8243;][vc_single_image image=&#8221;109470&#8243; img_size=&#8221;full&#8221; alignment=&#8221;center&#8221; css=&#8221;&#8221;][\/vc_column_inner][vc_column_inner width=&#8221;1\/2&#8243;][vc_column_text]<strong>XXL m\u00e9ret\u0171 napkupola h\u00e1l\u00f3s ablakkal<\/strong><\/p>\n<p>Az XXL m\u00e9ret\u0171 UPF50+ napkupola v\u00e9delmet biztos\u00edt gyermeked sz\u00e1m\u00e1ra az id\u0151j\u00e1r\u00e1si elemekkel szemben. A h\u00e1l\u00f3s ablaknak k\u00f6sz\u00f6nhet\u0151en megfelel\u0151 szell\u0151z\u00e9st biztos\u00edt a forr\u00f3 ny\u00e1ri napokon is.[\/vc_column_text][\/vc_column_inner][\/vc_row_inner][vc_row_inner css=&#8221;.vc_custom_1670599676826{background-color: #f2f2f2 !important;}&#8221;][vc_column_inner width=&#8221;1\/2&#8243;][vc_single_image image=&#8221;109466&#8243; img_size=&#8221;full&#8221; alignment=&#8221;center&#8221; css=&#8221;&#8221;][\/vc_column_inner][vc_column_inner width=&#8221;1\/2&#8243;][vc_column_text]<strong>Ergonomikus v\u00edzszintes poz\u00edci\u00f3<\/strong><\/p>\n<p>A Balios S Lux nagym\u00e9ret\u0171 megford\u00edthat\u00f3 \u00fcl\u00e9sr\u00e9sze k\u00e9nyelmes \u00e9s teljesen v\u00edzszinten ergonomikus poz\u00edci\u00f3ba d\u00f6nthet\u0151, ami \u00edgy ak\u00e1r \u00fajsz\u00fcl\u00f6tt kort\u00f3l haszn\u00e1lhat\u00f3. n\u00f6veked\u00e9s \u00fctem\u00e9ben megfelel\u0151 m\u00e9retre \u00e1ll\u00edthat\u00f3.[\/vc_column_text][\/vc_column_inner][\/vc_row_inner][vc_row_inner][vc_column_inner width=&#8221;1\/2&#8243;][vc_single_image image=&#8221;109467&#8243; img_size=&#8221;full&#8221; alignment=&#8221;center&#8221; css=&#8221;&#8221;][\/vc_column_inner][vc_column_inner width=&#8221;1\/2&#8243;][vc_column_text]<strong>Egykezes biztons\u00e1gi \u00f6v<\/strong><\/p>\n<p>R\u00f6gz\u00edtsd a gyermekedet m\u00e1sodpercek alatt. Az \u00fcl\u00e9sr\u00e9sz biztons\u00e1gi \u00f6ve k\u00f6nnyed\u00e9n be\u00e1ll\u00edthat\u00f3 a megfelel\u0151 m\u00e9retre \u00e9s ehhez csak az egyik kezedre van sz\u00fcks\u00e9g.[\/vc_column_text][\/vc_column_inner][\/vc_row_inner][vc_row_inner css=&#8221;.vc_custom_1659091556041{background-color: #f2f2f2 !important;}&#8221;][vc_column_inner width=&#8221;1\/2&#8243;][vc_single_image image=&#8221;109471&#8243; img_size=&#8221;full&#8221; alignment=&#8221;center&#8221; css=&#8221;&#8221;][\/vc_column_inner][vc_column_inner width=&#8221;1\/2&#8243;][vc_column_text]<strong>Tov\u00e1bbfejlesztett felf\u00fcggeszt\u00e9s<\/strong><\/p>\n<p>Az els\u0151ker\u00e9k-felf\u00fcggeszt\u00e9s a forradalmian \u00faj, v\u00e1zon elhelyezett h\u00e1ts\u00f3 felf\u00fcggeszt\u00e9ssel kombin\u00e1lva \u00faj szintre emeli az utaz\u00e1si k\u00e9nyelmet.[\/vc_column_text][\/vc_column_inner][\/vc_row_inner][vc_row_inner][vc_column_inner width=&#8221;1\/2&#8243;][vc_single_image image=&#8221;109468&#8243; img_size=&#8221;full&#8221; alignment=&#8221;center&#8221; css=&#8221;&#8221;][\/vc_column_inner][vc_column_inner width=&#8221;1\/2&#8243;][vc_column_text]<strong>T\u00e1gas bev\u00e1s\u00e1rl\u00f3kos\u00e1r<\/strong><\/p>\n<p>A10 kg-os terhelhet\u0151s\u00e9g\u00e9nek k\u00f6sz\u00f6nhet\u0151en a Balios S Lux felbecs\u00fclhetetlen \u00e9rt\u00e9k\u0171 t\u00e1rsad lesz a heti bev\u00e1s\u00e1rl\u00e1sok, kir\u00e1ndul\u00e1sok \u00e9s piknikek alkalm\u00e1val.[\/vc_column_text][\/vc_column_inner][\/vc_row_inner][vc_row_inner css=&#8221;.vc_custom_1670599696513{background-color: #f2f2f2 !important;}&#8221;][vc_column_inner width=&#8221;1\/2&#8243;][vc_single_image image=&#8221;109469&#8243; img_size=&#8221;full&#8221; alignment=&#8221;center&#8221; css=&#8221;&#8221;][\/vc_column_inner][vc_column_inner width=&#8221;1\/2&#8243;][vc_column_text]<strong>Defektmentes terepkerekek<\/strong><\/p>\n<p>A defekt\u00e1ll\u00f3 kerekeknek k\u00f6sz\u00f6nhet\u0151en az egyenetlen terep sem akad\u00e1ly t\u00f6bb\u00e9.[\/vc_column_text][\/vc_column_inner][\/vc_row_inner][vc_row_inner][vc_column_inner width=&#8221;1\/2&#8243;][vc_single_image image=&#8221;109472&#8243; img_size=&#8221;full&#8221; alignment=&#8221;center&#8221; css=&#8221;&#8221;][\/vc_column_inner][vc_column_inner width=&#8221;1\/2&#8243;][vc_column_text]<strong>Egy k\u00e9zzel \u00f6sszecsukhat\u00f3, \u00f6nmag\u00e1ban is meg\u00e1ll<\/strong><\/p>\n<p>A Balios S Lux egy k\u00e9zzel k\u00f6nnyed\u00e9n \u00f6sszecsukhat\u00f3, \u00e9s \u00f6nmag\u00e1ban is meg\u00e1ll \u00f6sszez\u00e1rt poz\u00edci\u00f3ban, ez\u00e1ltal k\u00f6nnyed\u00e9n t\u00e1rolhat\u00f3.[\/vc_column_text][\/vc_column_inner][\/vc_row_inner][vc_row_inner][vc_column_inner][vc_separator border_width=&#8221;3&#8243;][\/vc_column_inner][\/vc_row_inner][vc_row_inner][vc_column_inner width=&#8221;1\/2&#8243;][vc_column_text]Aj\u00e1nljuk: \u00fajsz\u00fcl\u00f6tt kort\u00f3l kb. 4 \u00e9ves korig<br \/>\nMaximum terhel\u00e9s: 22 kg<\/p>\n<p>M\u00e9retei kinyitva: Ho: 81-91 x Sz\u00e9: 60 x Ma: 100-110 cm<br \/>\nM\u00e9retei \u00f6sszecsukva: Ho: 40 x Sz\u00e9: 48,5 x Ma: 65 cm<br \/>\nS\u00falya: 11.7 kg[\/vc_column_text][\/vc_column_inner][vc_column_inner width=&#8221;1\/2&#8243;][vc_video link=&#8221;https:\/\/www.youtube.com\/watch?v=uSUW0HZojg0&#8243; css=&#8221;&#8221;][\/vc_column_inner][\/vc_row_inner][\/vc_column][\/vc_row]<\/p>\n<\/div>","protected":false},"excerpt":{"rendered":"<p>[vc_row][vc_column offset=&#8221;vc_hidden-xs&#8221;][vc_single_image image=&#8221;109455&#8243; img_size=&#8221;full&#8221; alignment=&#8221;center&#8221; css=&#8221;&#8221;][\/vc_column][\/vc_row][vc_row full_width=&#8221;stretch_row_content_no_spaces&#8221;][vc_column offset=&#8221;vc_hidden-lg vc_hidden-md vc_hidden-sm&#8221;][vc_single_image image=&#8221;109456&#8243; img_size=&#8221;full&#8221; alignment=&#8221;center&#8221; css=&#8221;&#8221;][\/vc_column][\/vc_row][vc_row][vc_column][vc_column_text] Szereted kihozni a v\u00e1rosi \u00e9letform\u00e1b\u00f3l a legt\u00f6bbet? Az \u00faj Balios S Lux magasfok\u00fa rugalmass\u00e1got \u00e9s kimagasl\u00f3 k\u00e9nyelmet biztos\u00edt sz\u00e1modra \u00e9s gyermeked sz\u00e1m\u00e1ra is m\u00e1r \u00e9lete els\u0151 napj\u00e1t\u00f3l kezdve. \u00c9lvezd a nyugalmat az\u00e1ltal, hogy tudod, gyermeked biztons\u00e1gban&#8230;<\/p>\n","protected":false},"author":5,"featured_media":0,"parent":0,"menu_order":0,"comment_status":"closed","ping_status":"closed","template":"","meta":{"_acf_changed":false,"footnotes":""},"class_list":["post-107267","page","type-page","status-publish","hentry"],"acf":[],"amp_enabled":true,"_links":{"self":[{"href":"https:\/\/mamasandpapas.hu\/blog\/wp-json\/wp\/v2\/pages\/107267","targetHints":{"allow":["GET"]}}],"collection":[{"href":"https:\/\/mamasandpapas.hu\/blog\/wp-json\/wp\/v2\/pages"}],"about":[{"href":"https:\/\/mamasandpapas.hu\/blog\/wp-json\/wp\/v2\/types\/page"}],"author":[{"embeddable":true,"href":"https:\/\/mamasandpapas.hu\/blog\/wp-json\/wp\/v2\/users\/5"}],"replies":[{"embeddable":true,"href":"https:\/\/mamasandpapas.hu\/blog\/wp-json\/wp\/v2\/comments?post=107267"}],"version-history":[{"count":28,"href":"https:\/\/mamasandpapas.hu\/blog\/wp-json\/wp\/v2\/pages\/107267\/revisions"}],"predecessor-version":[{"id":109476,"href":"https:\/\/mamasandpapas.hu\/blog\/wp-json\/wp\/v2\/pages\/107267\/revisions\/109476"}],"wp:attachment":[{"href":"https:\/\/mamasandpapas.hu\/blog\/wp-json\/wp\/v2\/media?parent=107267"}],"curies":[{"name":"wp","href":"https:\/\/api.w.org\/{rel}","templated":true}]}}