{"id":106004,"date":"2020-04-02T19:23:22","date_gmt":"2020-04-02T19:23:22","guid":{"rendered":"https:\/\/mamasandpapas.hu\/blog\/?page_id=106004"},"modified":"2020-04-06T14:12:11","modified_gmt":"2020-04-06T14:12:11","slug":"babakocsi-es-esernyokocsi","status":"publish","type":"page","link":"https:\/\/mamasandpapas.hu\/blog\/segitunk-vasarolni\/babakocsi-es-esernyokocsi\/","title":{"rendered":"Babakocsi \u00e9s eserny\u0151kocsi"},"content":{"rendered":"<div class=\"wpb-content-wrapper\"><p>[vc_row css=&#8221;.vc_custom_1585924753168{background-color: #f99484 !important;}&#8221;][vc_column][vc_single_image image=&#8221;106103&#8243; img_size=&#8221;full&#8221; onclick=&#8221;custom_link&#8221; link=&#8221;https:\/\/mamasandpapas.hu\/mamas-papas-babakocsik\/&#8221;][vc_column_text]<\/p>\n<p style=\"text-align: center;\"><span style=\"font-size: 18px; color: #ffffff;\"><strong>Babakocsi &amp; eserny\u0151kocsi<\/strong><\/span><\/p>\n<p style=\"text-align: center;\"><span style=\"font-size: 16px; color: #ffffff;\"><strong>Ha \u00f6ssze vagy zavarodva a babakocsikat \u00e9s eserny\u0151kocsikat illet\u0151en, semmi gond! Seg\u00edt\u00fcnk neked megtal\u00e1lni a t\u00f6k\u00e9letes els\u0151 babakocsit vagy v\u00e1ltani egy szuperk\u00f6nny\u0171, kis m\u00e9ret\u0171, totyog\u00f3val az utaz\u00e1st megk\u00f6nny\u00edt\u0151 eserny\u0151kocsira. N\u00e9zd meg tan\u00e1csainkat \u00e9s v\u00e1s\u00e1rl\u00e1si \u00fatmutat\u00f3inkat!<\/strong><\/span><\/p>\n<p>[\/vc_column_text][\/vc_column][\/vc_row][vc_row][vc_column]\r\n            \r\n                            <div class=\"sh-blog-fancy-title-container sh-blog-fancy-title-container-sides\">\r\n                    <h2 class=\"sh-blog-fancy-title\" style=\"border-color: #f99484;\">\r\n                        Bejegyz\u00e9sek                    <\/h2>\r\n                <\/div>\r\n                        <div class=\"sh-blog-standard-posts blog-posts-Bs81W4VMuK\">\r\n                <div class=\"sh-group blog-list blog-style-left-small blog-style-left-small-element   \">\r\n                    \r\n\t<article id=\"post-left-small-108477\" class=\"post-item post-108477 post type-post status-publish format-standard has-post-thumbnail hentry category-babakocsi\">\r\n\t\t<div class=\"post-thumbnail\" style=\"background-image: url( https:\/\/mamasandpapas.hu\/blog\/wp-content\/uploads\/2023\/10\/mit-tegyunk-ha-a-baba-nem-szereti-a-babakocsit-blogcikk-1-585x372.jpg);\">\r\n\t\t\t            <a href=\"https:\/\/mamasandpapas.hu\/blog\/mit-tegyunk-ha-a-baba-nem-szereti-a-babakocsit\/\" class=\"post-overlay\"><\/a>\r\n        \t\t\t\t\t<\/div>\r\n\t\t<div class=\"post-container\">\r\n\t\t\t<div class=\"post-container-content\">\r\n\r\n\t\t\t\t<div class=\"post-categories-container\">\r\n                <div class=\"post-categories\"><a href=\"https:\/\/mamasandpapas.hu\/blog\/kategoria\/babakocsi\/\">Babakocsi<\/a><\/div>\r\n            <\/div>\t\t\t\t<a href=\"https:\/\/mamasandpapas.hu\/blog\/mit-tegyunk-ha-a-baba-nem-szereti-a-babakocsit\/\" class=\"post-title\">\r\n\t\t\t\t\t<h2>\r\n\t\t\t\t\t\t\t\t\t\t\t\tMit tegy\u00fcnk, ha a baba nem szereti a babakocsit?&nbsp;<span class=\"post-read-later post-read-later-guest\" href=\"#login-register\" data-type=\"add\" data-id=\"108477\"><i class=\"fa fa-bookmark-o\"><\/i><\/span>\t\t\t\t\t<\/h2>\r\n\t\t\t\t<\/a>\r\n\t\t\t\t<div class=\"post-meta\">\r\n\t\t\t\t\t\r\n    <div class=\"post-meta-content\">\r\n        \r\n                \r\n                \r\n                \r\n                \r\n                \r\n                                            <span class=\"responsive-post-read-later\">\r\n                    &nbsp;<span class=\"post-read-later post-read-later-guest\" href=\"#login-register\" data-type=\"add\" data-id=\"108477\"><i class=\"fa fa-bookmark-o\"><\/i><\/span>                <\/span>\r\n                        <\/div>\r\n\r\n\t\t\t\t<\/div>\r\n\r\n\t\t\t<\/div>\r\n\t\t<\/div>\r\n\t<\/article>\r\n\r\n\r\n\t<article id=\"post-left-small-106661\" class=\"post-item post-106661 post type-post status-publish format-standard has-post-thumbnail hentry category-babakocsi\">\r\n\t\t<div class=\"post-thumbnail\" style=\"background-image: url( https:\/\/mamasandpapas.hu\/blog\/wp-content\/uploads\/2022\/07\/melyik-babakocsit-vegyem-2025-ben-1-585x372.jpg);\">\r\n\t\t\t            <a href=\"https:\/\/mamasandpapas.hu\/blog\/melyik-babakocsit-vegyem-2026-ban-segitunk-a-legjobb-babakocsi-kivalasztasaban\/\" class=\"post-overlay\"><\/a>\r\n        \t\t\t\t\t<\/div>\r\n\t\t<div class=\"post-container\">\r\n\t\t\t<div class=\"post-container-content\">\r\n\r\n\t\t\t\t<div class=\"post-categories-container\">\r\n                <div class=\"post-categories\"><a href=\"https:\/\/mamasandpapas.hu\/blog\/kategoria\/babakocsi\/\">Babakocsi<\/a><\/div>\r\n            <\/div>\t\t\t\t<a href=\"https:\/\/mamasandpapas.hu\/blog\/melyik-babakocsit-vegyem-2026-ban-segitunk-a-legjobb-babakocsi-kivalasztasaban\/\" class=\"post-title\">\r\n\t\t\t\t\t<h2>\r\n\t\t\t\t\t\t\t\t\t\t\t\tMelyik babakocsit vegyem 2026-ban? Seg\u00edt\u00fcnk a legjobb babakocsi kiv\u00e1laszt\u00e1s\u00e1ban!&nbsp;<span class=\"post-read-later post-read-later-guest\" href=\"#login-register\" data-type=\"add\" data-id=\"106661\"><i class=\"fa fa-bookmark-o\"><\/i><\/span>\t\t\t\t\t<\/h2>\r\n\t\t\t\t<\/a>\r\n\t\t\t\t<div class=\"post-meta\">\r\n\t\t\t\t\t\r\n    <div class=\"post-meta-content\">\r\n        \r\n                \r\n                \r\n                \r\n                \r\n                \r\n                                            <span class=\"responsive-post-read-later\">\r\n                    &nbsp;<span class=\"post-read-later post-read-later-guest\" href=\"#login-register\" data-type=\"add\" data-id=\"106661\"><i class=\"fa fa-bookmark-o\"><\/i><\/span>                <\/span>\r\n                        <\/div>\r\n\r\n\t\t\t\t<\/div>\r\n\r\n\t\t\t<\/div>\r\n\t\t<\/div>\r\n\t<\/article>\r\n\r\n                <\/div>\r\n\r\n                                    <div class=\"sh-load-more\"\r\n    \t\t\t\tdata-categories=\"199\"\r\n    \t\t\t\tdata-post-style=\"left-small\"\r\n    \t\t\t\tdata-posts-per-page=\"2\"\r\n    \t\t\t\tdata-paged=\"2\"\r\n                    data-offset=\"0\"\r\n                    data-id=\"blog-posts-Bs81W4VMuK\">\r\n    \t\t\t\t\tLoad more    \t\t\t\t<\/div>\r\n                \r\n            <\/div>\r\n\r\n        [\/vc_column][\/vc_row]<\/p>\n<\/div>","protected":false},"excerpt":{"rendered":"<p>[vc_row css=&#8221;.vc_custom_1585924753168{background-color: #f99484 !important;}&#8221;][vc_column][vc_single_image image=&#8221;106103&#8243; img_size=&#8221;full&#8221; onclick=&#8221;custom_link&#8221; link=&#8221;https:\/\/mamasandpapas.hu\/mamas-papas-babakocsik\/&#8221;][vc_column_text] Babakocsi &amp; eserny\u0151kocsi Ha \u00f6ssze vagy zavarodva a babakocsikat \u00e9s eserny\u0151kocsikat illet\u0151en, semmi gond! Seg\u00edt\u00fcnk neked megtal\u00e1lni a t\u00f6k\u00e9letes els\u0151 babakocsit vagy v\u00e1ltani egy szuperk\u00f6nny\u0171, kis m\u00e9ret\u0171, totyog\u00f3val az utaz\u00e1st megk\u00f6nny\u00edt\u0151 eserny\u0151kocsira. N\u00e9zd meg tan\u00e1csainkat \u00e9s v\u00e1s\u00e1rl\u00e1si \u00fatmutat\u00f3inkat! [\/vc_column_text][\/vc_column][\/vc_row][vc_row][vc_column][\/vc_column][\/vc_row]<\/p>\n","protected":false},"author":5,"featured_media":0,"parent":105795,"menu_order":0,"comment_status":"closed","ping_status":"closed","template":"","meta":{"_acf_changed":false,"footnotes":""},"class_list":["post-106004","page","type-page","status-publish","hentry"],"acf":[],"amp_enabled":true,"_links":{"self":[{"href":"https:\/\/mamasandpapas.hu\/blog\/wp-json\/wp\/v2\/pages\/106004","targetHints":{"allow":["GET"]}}],"collection":[{"href":"https:\/\/mamasandpapas.hu\/blog\/wp-json\/wp\/v2\/pages"}],"about":[{"href":"https:\/\/mamasandpapas.hu\/blog\/wp-json\/wp\/v2\/types\/page"}],"author":[{"embeddable":true,"href":"https:\/\/mamasandpapas.hu\/blog\/wp-json\/wp\/v2\/users\/5"}],"replies":[{"embeddable":true,"href":"https:\/\/mamasandpapas.hu\/blog\/wp-json\/wp\/v2\/comments?post=106004"}],"version-history":[{"count":7,"href":"https:\/\/mamasandpapas.hu\/blog\/wp-json\/wp\/v2\/pages\/106004\/revisions"}],"predecessor-version":[{"id":106147,"href":"https:\/\/mamasandpapas.hu\/blog\/wp-json\/wp\/v2\/pages\/106004\/revisions\/106147"}],"up":[{"embeddable":true,"href":"https:\/\/mamasandpapas.hu\/blog\/wp-json\/wp\/v2\/pages\/105795"}],"wp:attachment":[{"href":"https:\/\/mamasandpapas.hu\/blog\/wp-json\/wp\/v2\/media?parent=106004"}],"curies":[{"name":"wp","href":"https:\/\/api.w.org\/{rel}","templated":true}]}}